{"id":535,"date":"2023-06-07T16:30:54","date_gmt":"2023-06-07T16:30:54","guid":{"rendered":"https:\/\/agrupacionespsoe.es\/naquera\/?page_id=535"},"modified":"2023-06-07T16:30:54","modified_gmt":"2023-06-07T16:30:54","slug":"documentacio-val","status":"publish","type":"page","link":"https:\/\/agrupacionespsoe.es\/naquera\/documentacio-val\/","title":{"rendered":"Documentaci\u00f3"},"content":{"rendered":"<section class=\"py-12\" x-data=\"documentacionSection(null, '', '', '', '')\">\n    <div class=\"max-w-screen-lg mx-auto\">\n\n        <div class=\"text-center mb-5 lg:mb-10 px-6 lg:p-0\">\n                            <p class=\"text-primary uppercase font-bold\">Documents<\/p>\n            \n                            <h2 class=\"text-3xl lg:text-5xl font-bold !leading-tight\">Mocions, publicacions i notes de premsa<\/h2>\n            \n                            <div class=\"mb-5\">\n                    <p>Ac\u00ed trobaras tot el material escrit, preparat i publicat per l&#8217;agrupaci\u00f3<\/p>\n\n                <\/div>\n                    <\/div>\n\n    <\/div>\n\n    <div class=\"max-w-screen-lg mx-auto mb-5\">\n\n        <div x-cloak x-show=\"foundPosts == false\">\n            <p class=\"text-xl text-center px-6 lg:p-0\">No hay documentaci\u00f3n disponible<\/p>\n        <\/div>\n\n        <div class=\"grid grid-cols-1 divide-y\">\n\n            <template x-for=\"(post, index) in posts[page]\" :key=\"index\" >\n                <div x-show=\"post.documentacion_title\" class=\"group hover:bg-primary hover:text-white p-4 gap-2 md:flex md:justify-end md:items-center text-center\">\n                    <p class=\"grow text-left lg:text-center !mb-5 lg:!my-2\" x-text=\"post.documentacion_title\"><\/p>\n                    <a class=\"border border-black group-hover:border-white font-normal uppercase text-sm px-8 py-1\" x-bind:href=\"post.documentacion_file\" target=\"_blank\" rel=\"nofollow\" style=\"flex: 0 0 50px\">Descargar<\/a>\n                <\/div>\n            <\/template>\n\n        <\/div>\n\n        <div x-cloak x-show=\"hasPagination()\" class=\"flex flex-wrap justify-center border-t pt-4\">\n            <button class=\"text-sm pr-1 mx-1\" type=\"button\" @click=\"goToPage(1)\">\n                <svg class=\"h-4 w-4 text-body\" width=\"24\" height=\"24\" viewBox=\"0 0 24 24\" fill=\"none\" stroke=\"currentColor\" stroke-width=\"2\" stroke-linecap=\"round\" stroke-linejoin=\"round\">\n                    <polygon points=\"19 20 9 12 19 4 19 20\"><\/polygon>\n                    <line x1=\"5\" y1=\"19\" x2=\"5\" y2=\"5\"><\/line>\n                <\/svg>\n            <\/button>\n\n            <button class=\"text-sm px-1 mx-1\" type=\"button\" @click=\"goToPage(Math.max(1, page-1))\">Anterior<\/button>\n\n            <template x-for=\"i in parseInt(maxNumPages)\" :key=\"i\">\n                <button x-show=\"((page-i < 3) &#038;&#038; (i-page < 3))\" class=\"text-sm px-2 py-1 mx-1\" :class=\"i == page ? 'bg-primary text-white' : ''\" type=\"button\" x-text=\"i\" @click=\"goToPage(i)\"><\/button>\n            <\/template>\n\n            <button class=\"text-sm px-1 mx-1\" type=\"button\" @click=\"goToPage(Math.min(maxNumPages, page+1))\">Siguiente<\/button>\n\n            <button class=\"text-sm pl-1 mx-1\" type=\"button\" @click=\"goToPage(maxNumPages)\">\n                <svg class=\"h-4 w-4 text-body\" width=\"24\" height=\"24\" viewBox=\"0 0 24 24\" fill=\"none\" stroke=\"currentColor\" stroke-width=\"2\" stroke-linecap=\"round\" stroke-linejoin=\"round\">\n                    <polygon points=\"5 4 15 12 5 20 5 4\"><\/polygon>\n                    <line x1=\"19\" y1=\"5\" x2=\"19\" y2=\"19\"><\/line>\n                <\/svg>\n            <\/button>\n        <\/div>\n\n    <\/div>\n\n<\/section>\n","protected":false},"excerpt":{"rendered":"","protected":false},"author":75,"featured_media":0,"parent":0,"menu_order":0,"comment_status":"closed","ping_status":"closed","template":"","meta":{"footnotes":""},"class_list":["post-535","page","type-page","status-publish","hentry"],"yoast_head":"<!-- This site is optimized with the Yoast SEO plugin v24.0 - https:\/\/yoast.com\/wordpress\/plugins\/seo\/ -->\n<title>Documentaci\u00f3 - Agrupaci\u00f3 Socialista de N\u00e0quera<\/title>\n<meta name=\"description\" content=\"Espai on podr\u00e0s trobar tota la documentaci\u00f3 escrita, preparada i publicada per part de l&#039;agrupaci\u00f3\" \/>\n<meta name=\"robots\" content=\"index, follow, max-snippet:-1, max-image-preview:large, max-video-preview:-1\" \/>\n<link rel=\"canonical\" href=\"https:\/\/agrupacionespsoe.es\/naquera\/documentacio-val\/\" \/>\n<meta property=\"og:locale\" content=\"es_ES\" \/>\n<meta property=\"og:type\" content=\"article\" \/>\n<meta property=\"og:title\" content=\"Documentaci\u00f3 - Agrupaci\u00f3 Socialista de N\u00e0quera\" \/>\n<meta property=\"og:description\" content=\"Espai on podr\u00e0s trobar tota la documentaci\u00f3 escrita, preparada i publicada per part de l&#039;agrupaci\u00f3\" \/>\n<meta property=\"og:url\" content=\"https:\/\/agrupacionespsoe.es\/naquera\/documentacio-val\/\" \/>\n<meta property=\"og:site_name\" content=\"Agrupaci\u00f3 Socialista de N\u00e0quera\" \/>\n<meta name=\"twitter:card\" content=\"summary_large_image\" \/>\n<script type=\"application\/ld+json\" class=\"yoast-schema-graph\">{\"@context\":\"https:\/\/schema.org\",\"@graph\":[{\"@type\":\"WebPage\",\"@id\":\"https:\/\/agrupacionespsoe.es\/naquera\/documentacio-val\/\",\"url\":\"https:\/\/agrupacionespsoe.es\/naquera\/documentacio-val\/\",\"name\":\"Documentaci\u00f3 - Agrupaci\u00f3 Socialista de N\u00e0quera\",\"isPartOf\":{\"@id\":\"https:\/\/agrupacionespsoe.es\/naquera\/#website\"},\"datePublished\":\"2023-06-07T16:30:54+00:00\",\"dateModified\":\"2023-06-07T16:30:54+00:00\",\"description\":\"Espai on podr\u00e0s trobar tota la documentaci\u00f3 escrita, preparada i publicada per part de l'agrupaci\u00f3\",\"breadcrumb\":{\"@id\":\"https:\/\/agrupacionespsoe.es\/naquera\/documentacio-val\/#breadcrumb\"},\"inLanguage\":\"es\",\"potentialAction\":[{\"@type\":\"ReadAction\",\"target\":[\"https:\/\/agrupacionespsoe.es\/naquera\/documentacio-val\/\"]}]},{\"@type\":\"BreadcrumbList\",\"@id\":\"https:\/\/agrupacionespsoe.es\/naquera\/documentacio-val\/#breadcrumb\",\"itemListElement\":[{\"@type\":\"ListItem\",\"position\":1,\"name\":\"Portada\",\"item\":\"https:\/\/agrupacionespsoe.es\/naquera\/\"},{\"@type\":\"ListItem\",\"position\":2,\"name\":\"Documentaci\u00f3\"}]},{\"@type\":\"WebSite\",\"@id\":\"https:\/\/agrupacionespsoe.es\/naquera\/#website\",\"url\":\"https:\/\/agrupacionespsoe.es\/naquera\/\",\"name\":\"Agrupaci\u00f3 Socialista de N\u00e0quera\",\"description\":\"Agrupaci\u00f3 Socialista de N\u00e0quera\",\"publisher\":{\"@id\":\"https:\/\/agrupacionespsoe.es\/naquera\/#organization\"},\"potentialAction\":[{\"@type\":\"SearchAction\",\"target\":{\"@type\":\"EntryPoint\",\"urlTemplate\":\"https:\/\/agrupacionespsoe.es\/naquera\/?s={search_term_string}\"},\"query-input\":{\"@type\":\"PropertyValueSpecification\",\"valueRequired\":true,\"valueName\":\"search_term_string\"}}],\"inLanguage\":\"es\"},{\"@type\":\"Organization\",\"@id\":\"https:\/\/agrupacionespsoe.es\/naquera\/#organization\",\"name\":\"Agrupaci\u00f3 Socialista de N\u00e0quera\",\"url\":\"https:\/\/agrupacionespsoe.es\/naquera\/\",\"logo\":{\"@type\":\"ImageObject\",\"inLanguage\":\"es\",\"@id\":\"https:\/\/agrupacionespsoe.es\/naquera\/#\/schema\/logo\/image\/\",\"url\":\"https:\/\/agrupacionespsoe.es\/wp-content\/uploads\/2022\/07\/Logotipo_electoral_del_PSOE.png\",\"contentUrl\":\"https:\/\/agrupacionespsoe.es\/wp-content\/uploads\/2022\/07\/Logotipo_electoral_del_PSOE.png\",\"width\":422,\"height\":422,\"caption\":\"Agrupaci\u00f3 Socialista de N\u00e0quera\"},\"image\":{\"@id\":\"https:\/\/agrupacionespsoe.es\/naquera\/#\/schema\/logo\/image\/\"}}]}<\/script>\n<!-- \/ Yoast SEO plugin. -->","yoast_head_json":{"title":"Documentaci\u00f3 - Agrupaci\u00f3 Socialista de N\u00e0quera","description":"Espai on podr\u00e0s trobar tota la documentaci\u00f3 escrita, preparada i publicada per part de l'agrupaci\u00f3","robots":{"index":"index","follow":"follow","max-snippet":"max-snippet:-1","max-image-preview":"max-image-preview:large","max-video-preview":"max-video-preview:-1"},"canonical":"https:\/\/agrupacionespsoe.es\/naquera\/documentacio-val\/","og_locale":"es_ES","og_type":"article","og_title":"Documentaci\u00f3 - Agrupaci\u00f3 Socialista de N\u00e0quera","og_description":"Espai on podr\u00e0s trobar tota la documentaci\u00f3 escrita, preparada i publicada per part de l'agrupaci\u00f3","og_url":"https:\/\/agrupacionespsoe.es\/naquera\/documentacio-val\/","og_site_name":"Agrupaci\u00f3 Socialista de N\u00e0quera","twitter_card":"summary_large_image","schema":{"@context":"https:\/\/schema.org","@graph":[{"@type":"WebPage","@id":"https:\/\/agrupacionespsoe.es\/naquera\/documentacio-val\/","url":"https:\/\/agrupacionespsoe.es\/naquera\/documentacio-val\/","name":"Documentaci\u00f3 - Agrupaci\u00f3 Socialista de N\u00e0quera","isPartOf":{"@id":"https:\/\/agrupacionespsoe.es\/naquera\/#website"},"datePublished":"2023-06-07T16:30:54+00:00","dateModified":"2023-06-07T16:30:54+00:00","description":"Espai on podr\u00e0s trobar tota la documentaci\u00f3 escrita, preparada i publicada per part de l'agrupaci\u00f3","breadcrumb":{"@id":"https:\/\/agrupacionespsoe.es\/naquera\/documentacio-val\/#breadcrumb"},"inLanguage":"es","potentialAction":[{"@type":"ReadAction","target":["https:\/\/agrupacionespsoe.es\/naquera\/documentacio-val\/"]}]},{"@type":"BreadcrumbList","@id":"https:\/\/agrupacionespsoe.es\/naquera\/documentacio-val\/#breadcrumb","itemListElement":[{"@type":"ListItem","position":1,"name":"Portada","item":"https:\/\/agrupacionespsoe.es\/naquera\/"},{"@type":"ListItem","position":2,"name":"Documentaci\u00f3"}]},{"@type":"WebSite","@id":"https:\/\/agrupacionespsoe.es\/naquera\/#website","url":"https:\/\/agrupacionespsoe.es\/naquera\/","name":"Agrupaci\u00f3 Socialista de N\u00e0quera","description":"Agrupaci\u00f3 Socialista de N\u00e0quera","publisher":{"@id":"https:\/\/agrupacionespsoe.es\/naquera\/#organization"},"potentialAction":[{"@type":"SearchAction","target":{"@type":"EntryPoint","urlTemplate":"https:\/\/agrupacionespsoe.es\/naquera\/?s={search_term_string}"},"query-input":{"@type":"PropertyValueSpecification","valueRequired":true,"valueName":"search_term_string"}}],"inLanguage":"es"},{"@type":"Organization","@id":"https:\/\/agrupacionespsoe.es\/naquera\/#organization","name":"Agrupaci\u00f3 Socialista de N\u00e0quera","url":"https:\/\/agrupacionespsoe.es\/naquera\/","logo":{"@type":"ImageObject","inLanguage":"es","@id":"https:\/\/agrupacionespsoe.es\/naquera\/#\/schema\/logo\/image\/","url":"https:\/\/agrupacionespsoe.es\/wp-content\/uploads\/2022\/07\/Logotipo_electoral_del_PSOE.png","contentUrl":"https:\/\/agrupacionespsoe.es\/wp-content\/uploads\/2022\/07\/Logotipo_electoral_del_PSOE.png","width":422,"height":422,"caption":"Agrupaci\u00f3 Socialista de N\u00e0quera"},"image":{"@id":"https:\/\/agrupacionespsoe.es\/naquera\/#\/schema\/logo\/image\/"}}]}},"jetpack_sharing_enabled":true,"_links":{"self":[{"href":"https:\/\/agrupacionespsoe.es\/naquera\/wp-json\/wp\/v2\/pages\/535","targetHints":{"allow":["GET"]}}],"collection":[{"href":"https:\/\/agrupacionespsoe.es\/naquera\/wp-json\/wp\/v2\/pages"}],"about":[{"href":"https:\/\/agrupacionespsoe.es\/naquera\/wp-json\/wp\/v2\/types\/page"}],"author":[{"embeddable":true,"href":"https:\/\/agrupacionespsoe.es\/naquera\/wp-json\/wp\/v2\/users\/75"}],"replies":[{"embeddable":true,"href":"https:\/\/agrupacionespsoe.es\/naquera\/wp-json\/wp\/v2\/comments?post=535"}],"version-history":[{"count":1,"href":"https:\/\/agrupacionespsoe.es\/naquera\/wp-json\/wp\/v2\/pages\/535\/revisions"}],"predecessor-version":[{"id":537,"href":"https:\/\/agrupacionespsoe.es\/naquera\/wp-json\/wp\/v2\/pages\/535\/revisions\/537"}],"wp:attachment":[{"href":"https:\/\/agrupacionespsoe.es\/naquera\/wp-json\/wp\/v2\/media?parent=535"}],"curies":[{"name":"wp","href":"https:\/\/api.w.org\/{rel}","templated":true}]}}