{"id":3,"date":"2022-10-13T09:42:26","date_gmt":"2022-10-13T09:42:26","guid":{"rendered":"https:\/\/agrupacionespsoe.es\/naquera\/nosotros\/"},"modified":"2023-06-07T16:55:50","modified_gmt":"2023-06-07T16:55:50","slug":"nosotros","status":"publish","type":"page","link":"https:\/\/agrupacionespsoe.es\/naquera\/es\/nosotros\/","title":{"rendered":"Nosotros"},"content":{"rendered":"<section class=\"relative md:py-[100px] 2xl:py-0 md:flex md:items-stretch md:min-h-[75vh] 2xl:min-h-[45vh] bg-primary\">\n    <div class=\"grow psoe-container 2xl:mx-0\">\n        <div class=\"md:flex gap-2 items-center 2xl:ml-[160px] h-full\">\n            <div class=\"p-6 md:p-4 lg:p-0 md:pr-10 lg:pr-10 mb-5 md:mb-0  text-white \">\n                                    <p class=\"mb-5 text-white uppercase font-bold\">Agrupaci\u00f3n socialista de N\u00e0quera <\/p>\n                \n                                    <h1 class=\"text-3xl lg:text-5xl font-bold !leading-tight\">Qui\u00e9nes somos<\/h1>\n                \n                                    <div class=\"mb-5 !leading-normal\">\n                        <p><strong><img loading=\"lazy\" decoding=\"async\" class=\"alignright wp-image-547 size-thumbnail\" src=\"https:\/\/agrupacionespsoe.es\/naquera\/wp-content\/uploads\/sites\/57\/2023\/06\/347242184_187100117628498_8069480354415558767_n-150x150.jpg\" alt=\"\" width=\"150\" height=\"150\" srcset=\"https:\/\/agrupacionespsoe.es\/naquera\/wp-content\/uploads\/sites\/57\/2023\/06\/347242184_187100117628498_8069480354415558767_n-150x150.jpg 150w, https:\/\/agrupacionespsoe.es\/naquera\/wp-content\/uploads\/sites\/57\/2023\/06\/347242184_187100117628498_8069480354415558767_n-300x300.jpg 300w, https:\/\/agrupacionespsoe.es\/naquera\/wp-content\/uploads\/sites\/57\/2023\/06\/347242184_187100117628498_8069480354415558767_n-1024x1024.jpg 1024w, https:\/\/agrupacionespsoe.es\/naquera\/wp-content\/uploads\/sites\/57\/2023\/06\/347242184_187100117628498_8069480354415558767_n-768x768.jpg 768w, https:\/\/agrupacionespsoe.es\/naquera\/wp-content\/uploads\/sites\/57\/2023\/06\/347242184_187100117628498_8069480354415558767_n-1536x1536.jpg 1536w, https:\/\/agrupacionespsoe.es\/naquera\/wp-content\/uploads\/sites\/57\/2023\/06\/347242184_187100117628498_8069480354415558767_n.jpg 1772w\" sizes=\"auto, (max-width: 150px) 100vw, 150px\" \/><\/strong><strong>La Agrupaci\u00f3 socialista de N\u00e0quera <\/strong>nace en 1978, gracias a la inquietud de cinco hombres por traer el socialisme y sus valores a su pueblo, para luchar y trabajar para mejorar las vidas de todos los naqueranos. <\/p>\n<div class=\"x11i5rnm xat24cr x1mh8g0r x1vvkbs xtlvy1s x126k92a\">\n<div dir=\"auto\">Ellos eran Jose Miguel Arnal, Salvador Arnal (Voro l\u2019Hostaler), Jos\u00e9 Tom\u00e1s (Pepe el Colero), Joaqu\u00edn Trinidad (Ximo) y Mateu Moreno.<\/div>\n<\/div>\n<div class=\"x11i5rnm xat24cr x1mh8g0r x1vvkbs xtlvy1s x126k92a\">\n<div dir=\"auto\">Y gracias a ellos, que hicieron un paso adelante en tiempos de lucha y consolidaci\u00f3ndel sistema democr\u00e1tico, y a los que los acompa\u00f1aron despu\u00e9s y durante tantos a\u00f1os llevaron el nombre de los socialistas adelante, hoy podemos decir que seguimos aqu\u00ed: trabajando, perseverando, luchando por nuestro pueblo.\u00a0<\/div>\n<\/div>\n\n                    <\/div>\n                \n                            <\/div>\n                    <\/div>\n    <\/div>\n<\/section>\n\n\n<section class=\"py-12\" x-data=\"organigramaSection(&#039;[{&quot;id&quot;:0,&quot;person_name&quot;:&quot;Mateo Moreno&quot;,&quot;person_image&quot;:&quot;https:\\\/\\\/agrupacionespsoe.es\\\/naquera\\\/wp-content\\\/uploads\\\/sites\\\/57\\\/2023\\\/02\\\/Mateu-01-01.png&quot;,&quot;person_job&quot;:&quot;Presidente honor\\u00edfico&quot;,&quot;person_email&quot;:&quot;pspvnaquera@gmail.com&quot;,&quot;person_facebook&quot;:false,&quot;person_twitter&quot;:false},{&quot;id&quot;:1,&quot;person_name&quot;:&quot;V\\u00edctor Navarro&quot;,&quot;person_image&quot;:&quot;https:\\\/\\\/agrupacionespsoe.es\\\/naquera\\\/wp-content\\\/uploads\\\/sites\\\/57\\\/2023\\\/02\\\/Victor-Navarro.jpeg&quot;,&quot;person_job&quot;:&quot;Secretario general&quot;,&quot;person_email&quot;:&quot;vnavarroibanez@gmail.com&quot;,&quot;person_facebook&quot;:&quot;https:\\\/\\\/www.facebook.com\\\/victormanuel.navarroibanez&quot;,&quot;person_twitter&quot;:&quot;https:\\\/\\\/twitter.com\\\/victornaquera11&quot;},{&quot;id&quot;:2,&quot;person_name&quot;:&quot;Elisa Mart\\u00ednez&quot;,&quot;person_image&quot;:&quot;https:\\\/\\\/agrupacionespsoe.es\\\/naquera\\\/wp-content\\\/uploads\\\/sites\\\/57\\\/2023\\\/02\\\/100MSDCF-24-copia.jpg&quot;,&quot;person_job&quot;:&quot;Secretaria de organizaci\\u00f3n&quot;,&quot;person_email&quot;:&quot;elisamrovira@gmail.com&quot;,&quot;person_facebook&quot;:false,&quot;person_twitter&quot;:&quot;https:\\\/\\\/twitter.com\\\/MartinezRovir&quot;},{&quot;id&quot;:3,&quot;person_name&quot;:&quot;M\\u00aa Jes\\u00fas Plumed&quot;,&quot;person_image&quot;:&quot;https:\\\/\\\/agrupacionespsoe.es\\\/naquera\\\/wp-content\\\/uploads\\\/sites\\\/57\\\/2023\\\/02\\\/WhatsApp-Image-2023-02-17-at-13.40.111.jpeg&quot;,&quot;person_job&quot;:&quot;Tesorera&quot;,&quot;person_email&quot;:&quot;plumedmariajesus@gmail.com&quot;,&quot;person_facebook&quot;:&quot;https:\\\/\\\/www.facebook.com\\\/mariajesus.plumedplumed&quot;,&quot;person_twitter&quot;:&quot;https:\\\/\\\/twitter.com\\\/MJesusPlumed&quot;},{&quot;id&quot;:4,&quot;person_name&quot;:&quot;Rebeca Ib\\u00e1\\u00f1ez&quot;,&quot;person_image&quot;:&quot;https:\\\/\\\/agrupacionespsoe.es\\\/naquera\\\/wp-content\\\/uploads\\\/sites\\\/57\\\/2023\\\/02\\\/Rebeca-01-01.png&quot;,&quot;person_job&quot;:&quot;Portavoz y jefa de comunicaci\\u00f3n&quot;,&quot;person_email&quot;:&quot;ibanezarnal@gmail.com&quot;,&quot;person_facebook&quot;:&quot;https:\\\/\\\/www.facebook.com\\\/dphoenix&quot;,&quot;person_twitter&quot;:&quot;https:\\\/\\\/twitter.com\\\/Entiwoman&quot;},{&quot;id&quot;:5,&quot;person_name&quot;:&quot;Pepa Mart\\u00ednez&quot;,&quot;person_image&quot;:&quot;https:\\\/\\\/agrupacionespsoe.es\\\/naquera\\\/wp-content\\\/uploads\\\/sites\\\/57\\\/2023\\\/02\\\/pepa-01.png&quot;,&quot;person_job&quot;:&quot;Comunicaci\\u00f3n y prensa&quot;,&quot;person_email&quot;:&quot;pepamrovira@gmail.com&quot;,&quot;person_facebook&quot;:&quot;https:\\\/\\\/www.facebook.com\\\/pepamrovira&quot;,&quot;person_twitter&quot;:&quot;https:\\\/\\\/twitter.com\\\/MPepamrovira&quot;}]&#039;)\">\n    <div class=\"max-w-screen-lg mx-auto\">\n\n        <div class=\"text-center mb-5 lg:mb-10 px-6 lg:p-0\">\n                            <p class=\"text-primary uppercase font-bold\">Agrupaci\u00f3n <\/p>\n            \n                            <h2 class=\"text-3xl lg:text-5xl font-bold !leading-tight\">Qui\u00e9nes somos<\/h2>\n            \n                    <\/div>\n\n    <\/div>\n\n    <div class=\"max-w-screen-lg mx-auto mb-5\">\n\n        <div x-cloak x-show=\"maxNumPages == false\">\n            <p class=\"text-xl text-center px-6 lg:p-0\">No hay organigrama disponible<\/p>\n        <\/div>\n\n        <div class=\"md:grid md:grid-cols-2 lg:grid-cols-3 gap-2\">\n\n            <template x-for=\"(post, index) in posts[page]\" :key=\"post.id\" >\n                <div x-show=\"post.person_name\" class=\"px-6 lg:p-0 mb-5 flex flex-col justify-between\">\n\n                    <div class=\"\">\n\n                        <div x-show=\"post.person_image\">\n                            <img loading=\"lazy\" class=\"block w-full !h-[200px] !object-cover !object-center mb-2\" x-bind:src=\"post.person_image\" x-bind:alt=\"post.person_name\">\n                        <\/div>\n\n                        <div class=\"w-full h-[200px] bg-slate-200 mb-2\" x-show=\"!post.person_image\"><\/div>\n\n                        <p x-show=\"post.person_job\" class=\"text-primary !mb-0\" x-text=\"post.person_job\"><\/p>\n                        <p x-show=\"post.person_name\" class=\"font-bold text-xl !mb-2\" x-text=\"post.person_name\"><\/p>\n\n                    <\/div>\n\n\n                    <div class=\"bg-primary p-2 flex items-center gap-2 min-h-[41px]\">\n\n                        <div x-show=\"post.person_email\">\n                            <a class=\"hover:opacity-75\" x-bind:href=\"'mailto:' + post.person_email\" target=\"_blank\">\n                                <img decoding=\"async\" class=\"w-[35px] h-[25px] object-contain\" src=\"https:\/\/agrupacionespsoe.es\/naquera\/wp-content\/themes\/psoe-agrupaciones-theme\/public\/sobre.3df6b5.svg\" alt=\"Email\">\n                            <\/a>\n                        <\/div>\n\n                        <div x-show=\"post.person_facebook\">\n                            <a class=\"hover:opacity-75\" x-bind:href=\"post.person_facebook\" target=\"_blank\">\n                                <img decoding=\"async\" class=\"w-[35px] h-[25px] object-contain\" src=\"https:\/\/agrupacionespsoe.es\/naquera\/wp-content\/themes\/psoe-agrupaciones-theme\/public\/facebook.7cc207.svg\" alt=\"Facebook\">\n                            <\/a>\n                        <\/div>\n\n                        <div x-show=\"post.person_twitter\">\n                            <a class=\"hover:opacity-75\" x-bind:href=\"post.person_twitter\" target=\"_blank\">\n                                <img decoding=\"async\" class=\"w-[35px] h-[25px] object-contain\" src=\"https:\/\/agrupacionespsoe.es\/naquera\/wp-content\/themes\/psoe-agrupaciones-theme\/public\/twitter.f9344f.svg\" alt=\"Twitter\">\n                            <\/a>\n                        <\/div>\n\n                    <\/div>\n\n                <\/div>\n            <\/template>\n\n        <\/div>\n\n        <div x-cloak x-show=\"hasPagination()\" class=\"flex flex-wrap justify-center border-t pt-4 mt-5\">\n            <button class=\"text-sm pr-1 mx-1\" type=\"button\" @click=\"goToPage(1)\">\n                <svg class=\"h-4 w-4 text-body\" width=\"24\" height=\"24\" viewBox=\"0 0 24 24\" fill=\"none\" stroke=\"currentColor\" stroke-width=\"2\" stroke-linecap=\"round\" stroke-linejoin=\"round\">\n                    <polygon points=\"19 20 9 12 19 4 19 20\"><\/polygon>\n                    <line x1=\"5\" y1=\"19\" x2=\"5\" y2=\"5\"><\/line>\n                <\/svg>\n            <\/button>\n\n            <button class=\"text-sm px-1 mx-1\" type=\"button\" @click=\"goToPage(Math.max(1, page-1))\">Anterior<\/button>\n\n            <template x-for=\"i in parseInt(maxNumPages)\" :key=\"i\">\n                <button x-show=\"((page-i < 3) &#038;&#038; (i-page < 3))\" class=\"text-sm px-2 py-1 mx-1\" :class=\"i == page ? 'bg-primary text-white' : ''\" type=\"button\" x-text=\"i\" @click=\"goToPage(i)\"><\/button>\n            <\/template>\n\n            <button class=\"text-sm px-1 mx-1\" type=\"button\" @click=\"goToPage(Math.min(maxNumPages, page+1))\">Siguiente<\/button>\n\n            <button class=\"text-sm pl-1 mx-1\" type=\"button\" @click=\"goToPage(maxNumPages)\">\n                <svg class=\"h-4 w-4 text-body\" width=\"24\" height=\"24\" viewBox=\"0 0 24 24\" fill=\"none\" stroke=\"currentColor\" stroke-width=\"2\" stroke-linecap=\"round\" stroke-linejoin=\"round\">\n                    <polygon points=\"5 4 15 12 5 20 5 4\"><\/polygon>\n                    <line x1=\"19\" y1=\"5\" x2=\"19\" y2=\"19\"><\/line>\n                <\/svg>\n            <\/button>\n        <\/div>\n\n    <\/div>\n\n<\/section>\n\n\n\n<section class=\"wp-block-psoe-separador bg-primary px-2\"><hr class=\"color-white bg-white opacity-1 h-[1px] w-full\" \/><\/section>\n\n\n<section class=\"py-12 bg-white\">\n    <div class=\"max-w-screen-lg mx-auto\">\n\n        <div class=\"md:grid md:grid-cols-2 md:gap-2 items-center\">\n            <div class=\"p-2\">\n                <img decoding=\"async\" class=\"hidden md:inline-block\" src=\"https:\/\/agrupacionespsoe.es\/naquera\/wp-content\/themes\/psoe-agrupaciones-theme\/public\/gobernando-white.518491.png\" alt=\"Gobernando con hechos\">\n                <img decoding=\"async\" class=\"block md:hidden mx-auto mb-5\" src=\"https:\/\/agrupacionespsoe.es\/naquera\/wp-content\/themes\/psoe-agrupaciones-theme\/public\/gobernando-white-mobile.caeb39.png\" alt=\"Gobernando con hechos\">\n            <\/div>\n\n            <div class=\"p-2 text-center\">\n                <a class=\"hover:opacity-75 md:inline px-8 lg:px-14 py-2 lg:py-4 font-bold text-center lg:text-xl uppercase bg-primary !text-white\" href=\"https:\/\/afiliate.psoe.es\/Affiliation\/AffiliationHome\" >\n                    Af\u00edliate\n                <\/a>\n            <\/div>\n        <\/div>\n\n    <\/div>\n<\/section>\n","protected":false},"excerpt":{"rendered":"","protected":false},"author":3,"featured_media":0,"parent":0,"menu_order":0,"comment_status":"closed","ping_status":"closed","template":"","meta":{"footnotes":""},"class_list":["post-3","page","type-page","status-publish","hentry"],"yoast_head":"<!-- This site is optimized with the Yoast SEO plugin v24.0 - https:\/\/yoast.com\/wordpress\/plugins\/seo\/ -->\n<title>Nosotros - Agrupaci\u00f3 Socialista de N\u00e0quera<\/title>\n<meta name=\"description\" content=\"Espacio para mostrar el equipo de la Agrupaci\u00f3n.\" \/>\n<meta name=\"robots\" content=\"index, follow, max-snippet:-1, max-image-preview:large, max-video-preview:-1\" \/>\n<link rel=\"canonical\" href=\"https:\/\/agrupacionespsoe.es\/naquera\/es\/nosotros\/\" \/>\n<meta property=\"og:locale\" content=\"es_ES\" \/>\n<meta property=\"og:type\" content=\"article\" \/>\n<meta property=\"og:title\" content=\"Nosotros - Agrupaci\u00f3 Socialista de N\u00e0quera\" \/>\n<meta property=\"og:description\" content=\"Espacio para mostrar el equipo de la Agrupaci\u00f3n.\" \/>\n<meta property=\"og:url\" content=\"https:\/\/agrupacionespsoe.es\/naquera\/es\/nosotros\/\" \/>\n<meta property=\"og:site_name\" content=\"Agrupaci\u00f3 Socialista de N\u00e0quera\" \/>\n<meta property=\"article:modified_time\" content=\"2023-06-07T16:55:50+00:00\" \/>\n<meta name=\"twitter:card\" content=\"summary_large_image\" \/>\n<script type=\"application\/ld+json\" class=\"yoast-schema-graph\">{\"@context\":\"https:\/\/schema.org\",\"@graph\":[{\"@type\":\"WebPage\",\"@id\":\"https:\/\/agrupacionespsoe.es\/naquera\/es\/nosotros\/\",\"url\":\"https:\/\/agrupacionespsoe.es\/naquera\/es\/nosotros\/\",\"name\":\"Nosotros - Agrupaci\u00f3 Socialista de N\u00e0quera\",\"isPartOf\":{\"@id\":\"https:\/\/agrupacionespsoe.es\/naquera\/#website\"},\"datePublished\":\"2022-10-13T09:42:26+00:00\",\"dateModified\":\"2023-06-07T16:55:50+00:00\",\"description\":\"Espacio para mostrar el equipo de la Agrupaci\u00f3n.\",\"breadcrumb\":{\"@id\":\"https:\/\/agrupacionespsoe.es\/naquera\/es\/nosotros\/#breadcrumb\"},\"inLanguage\":\"es\",\"potentialAction\":[{\"@type\":\"ReadAction\",\"target\":[\"https:\/\/agrupacionespsoe.es\/naquera\/es\/nosotros\/\"]}]},{\"@type\":\"BreadcrumbList\",\"@id\":\"https:\/\/agrupacionespsoe.es\/naquera\/es\/nosotros\/#breadcrumb\",\"itemListElement\":[{\"@type\":\"ListItem\",\"position\":1,\"name\":\"Portada\",\"item\":\"https:\/\/agrupacionespsoe.es\/naquera\/\"},{\"@type\":\"ListItem\",\"position\":2,\"name\":\"Nosotros\"}]},{\"@type\":\"WebSite\",\"@id\":\"https:\/\/agrupacionespsoe.es\/naquera\/#website\",\"url\":\"https:\/\/agrupacionespsoe.es\/naquera\/\",\"name\":\"Agrupaci\u00f3 Socialista de N\u00e0quera\",\"description\":\"Agrupaci\u00f3 Socialista de N\u00e0quera\",\"publisher\":{\"@id\":\"https:\/\/agrupacionespsoe.es\/naquera\/#organization\"},\"potentialAction\":[{\"@type\":\"SearchAction\",\"target\":{\"@type\":\"EntryPoint\",\"urlTemplate\":\"https:\/\/agrupacionespsoe.es\/naquera\/?s={search_term_string}\"},\"query-input\":{\"@type\":\"PropertyValueSpecification\",\"valueRequired\":true,\"valueName\":\"search_term_string\"}}],\"inLanguage\":\"es\"},{\"@type\":\"Organization\",\"@id\":\"https:\/\/agrupacionespsoe.es\/naquera\/#organization\",\"name\":\"Agrupaci\u00f3 Socialista de N\u00e0quera\",\"url\":\"https:\/\/agrupacionespsoe.es\/naquera\/\",\"logo\":{\"@type\":\"ImageObject\",\"inLanguage\":\"es\",\"@id\":\"https:\/\/agrupacionespsoe.es\/naquera\/#\/schema\/logo\/image\/\",\"url\":\"https:\/\/agrupacionespsoe.es\/wp-content\/uploads\/2022\/07\/Logotipo_electoral_del_PSOE.png\",\"contentUrl\":\"https:\/\/agrupacionespsoe.es\/wp-content\/uploads\/2022\/07\/Logotipo_electoral_del_PSOE.png\",\"width\":422,\"height\":422,\"caption\":\"Agrupaci\u00f3 Socialista de N\u00e0quera\"},\"image\":{\"@id\":\"https:\/\/agrupacionespsoe.es\/naquera\/#\/schema\/logo\/image\/\"}}]}<\/script>\n<!-- \/ Yoast SEO plugin. -->","yoast_head_json":{"title":"Nosotros - Agrupaci\u00f3 Socialista de N\u00e0quera","description":"Espacio para mostrar el equipo de la Agrupaci\u00f3n.","robots":{"index":"index","follow":"follow","max-snippet":"max-snippet:-1","max-image-preview":"max-image-preview:large","max-video-preview":"max-video-preview:-1"},"canonical":"https:\/\/agrupacionespsoe.es\/naquera\/es\/nosotros\/","og_locale":"es_ES","og_type":"article","og_title":"Nosotros - Agrupaci\u00f3 Socialista de N\u00e0quera","og_description":"Espacio para mostrar el equipo de la Agrupaci\u00f3n.","og_url":"https:\/\/agrupacionespsoe.es\/naquera\/es\/nosotros\/","og_site_name":"Agrupaci\u00f3 Socialista de N\u00e0quera","article_modified_time":"2023-06-07T16:55:50+00:00","twitter_card":"summary_large_image","schema":{"@context":"https:\/\/schema.org","@graph":[{"@type":"WebPage","@id":"https:\/\/agrupacionespsoe.es\/naquera\/es\/nosotros\/","url":"https:\/\/agrupacionespsoe.es\/naquera\/es\/nosotros\/","name":"Nosotros - Agrupaci\u00f3 Socialista de N\u00e0quera","isPartOf":{"@id":"https:\/\/agrupacionespsoe.es\/naquera\/#website"},"datePublished":"2022-10-13T09:42:26+00:00","dateModified":"2023-06-07T16:55:50+00:00","description":"Espacio para mostrar el equipo de la Agrupaci\u00f3n.","breadcrumb":{"@id":"https:\/\/agrupacionespsoe.es\/naquera\/es\/nosotros\/#breadcrumb"},"inLanguage":"es","potentialAction":[{"@type":"ReadAction","target":["https:\/\/agrupacionespsoe.es\/naquera\/es\/nosotros\/"]}]},{"@type":"BreadcrumbList","@id":"https:\/\/agrupacionespsoe.es\/naquera\/es\/nosotros\/#breadcrumb","itemListElement":[{"@type":"ListItem","position":1,"name":"Portada","item":"https:\/\/agrupacionespsoe.es\/naquera\/"},{"@type":"ListItem","position":2,"name":"Nosotros"}]},{"@type":"WebSite","@id":"https:\/\/agrupacionespsoe.es\/naquera\/#website","url":"https:\/\/agrupacionespsoe.es\/naquera\/","name":"Agrupaci\u00f3 Socialista de N\u00e0quera","description":"Agrupaci\u00f3 Socialista de N\u00e0quera","publisher":{"@id":"https:\/\/agrupacionespsoe.es\/naquera\/#organization"},"potentialAction":[{"@type":"SearchAction","target":{"@type":"EntryPoint","urlTemplate":"https:\/\/agrupacionespsoe.es\/naquera\/?s={search_term_string}"},"query-input":{"@type":"PropertyValueSpecification","valueRequired":true,"valueName":"search_term_string"}}],"inLanguage":"es"},{"@type":"Organization","@id":"https:\/\/agrupacionespsoe.es\/naquera\/#organization","name":"Agrupaci\u00f3 Socialista de N\u00e0quera","url":"https:\/\/agrupacionespsoe.es\/naquera\/","logo":{"@type":"ImageObject","inLanguage":"es","@id":"https:\/\/agrupacionespsoe.es\/naquera\/#\/schema\/logo\/image\/","url":"https:\/\/agrupacionespsoe.es\/wp-content\/uploads\/2022\/07\/Logotipo_electoral_del_PSOE.png","contentUrl":"https:\/\/agrupacionespsoe.es\/wp-content\/uploads\/2022\/07\/Logotipo_electoral_del_PSOE.png","width":422,"height":422,"caption":"Agrupaci\u00f3 Socialista de N\u00e0quera"},"image":{"@id":"https:\/\/agrupacionespsoe.es\/naquera\/#\/schema\/logo\/image\/"}}]}},"jetpack_sharing_enabled":true,"_links":{"self":[{"href":"https:\/\/agrupacionespsoe.es\/naquera\/wp-json\/wp\/v2\/pages\/3","targetHints":{"allow":["GET"]}}],"collection":[{"href":"https:\/\/agrupacionespsoe.es\/naquera\/wp-json\/wp\/v2\/pages"}],"about":[{"href":"https:\/\/agrupacionespsoe.es\/naquera\/wp-json\/wp\/v2\/types\/page"}],"author":[{"embeddable":true,"href":"https:\/\/agrupacionespsoe.es\/naquera\/wp-json\/wp\/v2\/users\/3"}],"replies":[{"embeddable":true,"href":"https:\/\/agrupacionespsoe.es\/naquera\/wp-json\/wp\/v2\/comments?post=3"}],"version-history":[{"count":13,"href":"https:\/\/agrupacionespsoe.es\/naquera\/wp-json\/wp\/v2\/pages\/3\/revisions"}],"predecessor-version":[{"id":548,"href":"https:\/\/agrupacionespsoe.es\/naquera\/wp-json\/wp\/v2\/pages\/3\/revisions\/548"}],"wp:attachment":[{"href":"https:\/\/agrupacionespsoe.es\/naquera\/wp-json\/wp\/v2\/media?parent=3"}],"curies":[{"name":"wp","href":"https:\/\/api.w.org\/{rel}","templated":true}]}}