{"id":263,"date":"2025-05-27T18:15:51","date_gmt":"2025-05-27T16:15:51","guid":{"rendered":"https:\/\/agrupacionespsoe.es\/lozoyuela-navas-sieteiglesias\/?page_id=263"},"modified":"2025-05-28T09:37:56","modified_gmt":"2025-05-28T07:37:56","slug":"nuestro-compromiso","status":"publish","type":"page","link":"https:\/\/agrupacionespsoe.es\/lozoyuela-navas-sieteiglesias\/nuestro-compromiso\/","title":{"rendered":"nuestro compromiso"},"content":{"rendered":"<section class=\"relative md:py-[100px] 2xl:py-0 md:flex md:items-stretch md:min-h-[75vh] 2xl:min-h-[45vh] bg-primary\">\n    <div class=\"grow psoe-container 2xl:mx-0\">\n        <div class=\"md:flex gap-2 items-center 2xl:ml-[160px] h-full\">\n            <div class=\"p-6 md:p-4 lg:p-0 md:pr-10 lg:pr-10 mb-5 md:mb-0  text-white md:basis-1\/2 2xl:basis-3\/4\">\n                \n                                    <h1 class=\"text-3xl lg:text-5xl font-bold !leading-tight\">NUESTRO COMPROMISO<\/h1>\n                \n                                    <div class=\"mb-5 !leading-normal\">\n                        <p><!-- wp:paragraph {\"fontSize\":\"medium\"} --><\/p>\n<p class=\"has-medium-font-size\" style=\"text-align: left\">Impulsar pol\u00edticas que garanticen servicios p\u00fablicos de calidad, especialmente en sanidad, educaci\u00f3n y transporte.<\/p>\n<p style=\"text-align: left\"><!-- \/wp:paragraph --><!-- wp:paragraph {\"fontSize\":\"medium\"} --><\/p>\n<p class=\"has-medium-font-size\" style=\"text-align: left\">Fomentar el desarrollo rural y el empleo digno, con especial atenci\u00f3n al medioambiente y la econom\u00eda local.<\/p>\n<p style=\"text-align: left\"><!-- \/wp:paragraph --><!-- wp:paragraph {\"fontSize\":\"medium\"} --><\/p>\n<p class=\"has-medium-font-size\" style=\"text-align: left\">Promover la igualdad real entre mujeres y hombres, as\u00ed como la inclusi\u00f3n de todas las personas, sin distinci\u00f3n.<\/p>\n<p style=\"text-align: left\"><!-- \/wp:paragraph --><!-- wp:paragraph {\"fontSize\":\"medium\"} --><\/p>\n<p class=\"has-medium-font-size\" style=\"text-align: left\">Defender la memoria democr\u00e1tica, los derechos humanos y los valores republicanos en nuestra vida institucional y comunitaria.<\/p>\n<p style=\"text-align: left\"><!-- \/wp:paragraph --><!-- wp:paragraph {\"fontSize\":\"medium\"} --><\/p>\n<p class=\"has-medium-font-size\" style=\"text-align: left\">Nuestro trabajo se construye desde la base, escuchando, dialogando y sumando voluntades. Porque el municipio que so\u00f1amos se construye entre todas y todos.<\/p>\n<p style=\"text-align: left\"><!-- \/wp:paragraph --><!-- wp:paragraph {\"fontSize\":\"medium\"} --><\/p>\n<p class=\"has-medium-font-size\" style=\"text-align: left\">Te invitamos a participar, a proponer, a construir con nosotros.<\/p>\n<p style=\"text-align: left\"><!-- \/wp:paragraph --><!-- wp:paragraph {\"fontSize\":\"medium\"} --><\/p>\n<p class=\"has-medium-font-size\" style=\"text-align: left\"><strong>\u00a1Juntas y juntos, seguimos avanzando!<\/strong><\/p>\n<p><!-- \/wp:paragraph --><\/p>\n\n                    <\/div>\n                \n                            <\/div>\n                                                <img decoding=\"async\" loading=\"lazy\" src=\"https:\/\/agrupacionespsoe.es\/lozoyuela-navas-sieteiglesias\/wp-content\/uploads\/sites\/213\/2025\/05\/Sin-titulo-17.png\" class=\"md:m-0 md:absolute md:left-[50%] md:top-0 md:bottom-0 md:right-0 2xl:static 2xl:left-auto md:!w-[50%] 2xl:!w-[700px] md:!h-full md:object-cover\" \/>\n                                    <\/div>\n    <\/div>\n<\/section>\n\n\n<section class=\"py-12 bg-white\">\n    <div class=\"max-w-screen-lg mx-auto\">\n\n        <div class=\"md:grid md:grid-cols-2 md:gap-2 items-center\">\n            <div class=\"p-2\">\n                <img decoding=\"async\" class=\"hidden md:inline-block\" src=\"https:\/\/agrupacionespsoe.es\/lozoyuela-navas-sieteiglesias\/wp-content\/themes\/psoe-agrupaciones-theme\/public\/gobernando-white.518491.png\" alt=\"Gobernando con hechos\">\n                <img decoding=\"async\" class=\"block md:hidden mx-auto mb-5\" src=\"https:\/\/agrupacionespsoe.es\/lozoyuela-navas-sieteiglesias\/wp-content\/themes\/psoe-agrupaciones-theme\/public\/gobernando-white-mobile.caeb39.png\" alt=\"Gobernando con hechos\">\n            <\/div>\n\n            <div class=\"p-2 text-center\">\n                <a class=\"hover:opacity-75 md:inline px-8 lg:px-14 py-2 lg:py-4 font-bold text-center lg:text-xl uppercase bg-primary !text-white\" href=\"https:\/\/afiliate.psoe.es\/Affiliation\/AffiliationHome\" >\n                    Af\u00edliate\n                <\/a>\n            <\/div>\n        <\/div>\n\n    <\/div>\n<\/section>\n","protected":false},"excerpt":{"rendered":"","protected":false},"author":305,"featured_media":0,"parent":0,"menu_order":0,"comment_status":"closed","ping_status":"closed","template":"","meta":{"footnotes":""},"class_list":["post-263","page","type-page","status-publish","hentry"],"yoast_head":"<!-- This site is optimized with the Yoast SEO plugin v24.0 - https:\/\/yoast.com\/wordpress\/plugins\/seo\/ -->\n<title>nuestro compromiso - Agrupaci\u00f3n Socialista de Lozoyuela-Navas-Sieteiglesias<\/title>\n<meta name=\"robots\" content=\"index, follow, max-snippet:-1, max-image-preview:large, max-video-preview:-1\" \/>\n<link rel=\"canonical\" href=\"https:\/\/agrupacionespsoe.es\/lozoyuela-navas-sieteiglesias\/nuestro-compromiso\/\" \/>\n<meta property=\"og:locale\" content=\"es_ES\" \/>\n<meta property=\"og:type\" content=\"article\" \/>\n<meta property=\"og:title\" content=\"nuestro compromiso - Agrupaci\u00f3n Socialista de Lozoyuela-Navas-Sieteiglesias\" \/>\n<meta property=\"og:url\" content=\"https:\/\/agrupacionespsoe.es\/lozoyuela-navas-sieteiglesias\/nuestro-compromiso\/\" \/>\n<meta property=\"og:site_name\" content=\"Agrupaci\u00f3n Socialista de Lozoyuela-Navas-Sieteiglesias\" \/>\n<meta property=\"article:modified_time\" content=\"2025-05-28T07:37:56+00:00\" \/>\n<meta name=\"twitter:card\" content=\"summary_large_image\" \/>\n<script type=\"application\/ld+json\" class=\"yoast-schema-graph\">{\"@context\":\"https:\/\/schema.org\",\"@graph\":[{\"@type\":\"WebPage\",\"@id\":\"https:\/\/agrupacionespsoe.es\/lozoyuela-navas-sieteiglesias\/nuestro-compromiso\/\",\"url\":\"https:\/\/agrupacionespsoe.es\/lozoyuela-navas-sieteiglesias\/nuestro-compromiso\/\",\"name\":\"nuestro compromiso - Agrupaci\u00f3n Socialista de Lozoyuela-Navas-Sieteiglesias\",\"isPartOf\":{\"@id\":\"https:\/\/agrupacionespsoe.es\/lozoyuela-navas-sieteiglesias\/#website\"},\"datePublished\":\"2025-05-27T16:15:51+00:00\",\"dateModified\":\"2025-05-28T07:37:56+00:00\",\"breadcrumb\":{\"@id\":\"https:\/\/agrupacionespsoe.es\/lozoyuela-navas-sieteiglesias\/nuestro-compromiso\/#breadcrumb\"},\"inLanguage\":\"es\",\"potentialAction\":[{\"@type\":\"ReadAction\",\"target\":[\"https:\/\/agrupacionespsoe.es\/lozoyuela-navas-sieteiglesias\/nuestro-compromiso\/\"]}]},{\"@type\":\"BreadcrumbList\",\"@id\":\"https:\/\/agrupacionespsoe.es\/lozoyuela-navas-sieteiglesias\/nuestro-compromiso\/#breadcrumb\",\"itemListElement\":[{\"@type\":\"ListItem\",\"position\":1,\"name\":\"Portada\",\"item\":\"https:\/\/agrupacionespsoe.es\/lozoyuela-navas-sieteiglesias\/\"},{\"@type\":\"ListItem\",\"position\":2,\"name\":\"nuestro compromiso\"}]},{\"@type\":\"WebSite\",\"@id\":\"https:\/\/agrupacionespsoe.es\/lozoyuela-navas-sieteiglesias\/#website\",\"url\":\"https:\/\/agrupacionespsoe.es\/lozoyuela-navas-sieteiglesias\/\",\"name\":\"Agrupaci\u00f3n Socialista de Lozoyuela-Navas-Sieteiglesias\",\"description\":\"Agrupaci\u00f3n Socialista de Lozoyuela-Navas-Sieteiglesias\",\"publisher\":{\"@id\":\"https:\/\/agrupacionespsoe.es\/lozoyuela-navas-sieteiglesias\/#organization\"},\"potentialAction\":[{\"@type\":\"SearchAction\",\"target\":{\"@type\":\"EntryPoint\",\"urlTemplate\":\"https:\/\/agrupacionespsoe.es\/lozoyuela-navas-sieteiglesias\/?s={search_term_string}\"},\"query-input\":{\"@type\":\"PropertyValueSpecification\",\"valueRequired\":true,\"valueName\":\"search_term_string\"}}],\"inLanguage\":\"es\"},{\"@type\":\"Organization\",\"@id\":\"https:\/\/agrupacionespsoe.es\/lozoyuela-navas-sieteiglesias\/#organization\",\"name\":\"Agrupaci\u00f3n Socialista de Lozoyuela-Navas-Sieteiglesias\",\"url\":\"https:\/\/agrupacionespsoe.es\/lozoyuela-navas-sieteiglesias\/\",\"logo\":{\"@type\":\"ImageObject\",\"inLanguage\":\"es\",\"@id\":\"https:\/\/agrupacionespsoe.es\/lozoyuela-navas-sieteiglesias\/#\/schema\/logo\/image\/\",\"url\":\"https:\/\/agrupacionespsoe.es\/wp-content\/uploads\/2022\/07\/Logotipo_electoral_del_PSOE.png\",\"contentUrl\":\"https:\/\/agrupacionespsoe.es\/wp-content\/uploads\/2022\/07\/Logotipo_electoral_del_PSOE.png\",\"width\":422,\"height\":422,\"caption\":\"Agrupaci\u00f3n Socialista de Lozoyuela-Navas-Sieteiglesias\"},\"image\":{\"@id\":\"https:\/\/agrupacionespsoe.es\/lozoyuela-navas-sieteiglesias\/#\/schema\/logo\/image\/\"}}]}<\/script>\n<!-- \/ Yoast SEO plugin. -->","yoast_head_json":{"title":"nuestro compromiso - Agrupaci\u00f3n Socialista de Lozoyuela-Navas-Sieteiglesias","robots":{"index":"index","follow":"follow","max-snippet":"max-snippet:-1","max-image-preview":"max-image-preview:large","max-video-preview":"max-video-preview:-1"},"canonical":"https:\/\/agrupacionespsoe.es\/lozoyuela-navas-sieteiglesias\/nuestro-compromiso\/","og_locale":"es_ES","og_type":"article","og_title":"nuestro compromiso - Agrupaci\u00f3n Socialista de Lozoyuela-Navas-Sieteiglesias","og_url":"https:\/\/agrupacionespsoe.es\/lozoyuela-navas-sieteiglesias\/nuestro-compromiso\/","og_site_name":"Agrupaci\u00f3n Socialista de Lozoyuela-Navas-Sieteiglesias","article_modified_time":"2025-05-28T07:37:56+00:00","twitter_card":"summary_large_image","schema":{"@context":"https:\/\/schema.org","@graph":[{"@type":"WebPage","@id":"https:\/\/agrupacionespsoe.es\/lozoyuela-navas-sieteiglesias\/nuestro-compromiso\/","url":"https:\/\/agrupacionespsoe.es\/lozoyuela-navas-sieteiglesias\/nuestro-compromiso\/","name":"nuestro compromiso - Agrupaci\u00f3n Socialista de Lozoyuela-Navas-Sieteiglesias","isPartOf":{"@id":"https:\/\/agrupacionespsoe.es\/lozoyuela-navas-sieteiglesias\/#website"},"datePublished":"2025-05-27T16:15:51+00:00","dateModified":"2025-05-28T07:37:56+00:00","breadcrumb":{"@id":"https:\/\/agrupacionespsoe.es\/lozoyuela-navas-sieteiglesias\/nuestro-compromiso\/#breadcrumb"},"inLanguage":"es","potentialAction":[{"@type":"ReadAction","target":["https:\/\/agrupacionespsoe.es\/lozoyuela-navas-sieteiglesias\/nuestro-compromiso\/"]}]},{"@type":"BreadcrumbList","@id":"https:\/\/agrupacionespsoe.es\/lozoyuela-navas-sieteiglesias\/nuestro-compromiso\/#breadcrumb","itemListElement":[{"@type":"ListItem","position":1,"name":"Portada","item":"https:\/\/agrupacionespsoe.es\/lozoyuela-navas-sieteiglesias\/"},{"@type":"ListItem","position":2,"name":"nuestro compromiso"}]},{"@type":"WebSite","@id":"https:\/\/agrupacionespsoe.es\/lozoyuela-navas-sieteiglesias\/#website","url":"https:\/\/agrupacionespsoe.es\/lozoyuela-navas-sieteiglesias\/","name":"Agrupaci\u00f3n Socialista de Lozoyuela-Navas-Sieteiglesias","description":"Agrupaci\u00f3n Socialista de Lozoyuela-Navas-Sieteiglesias","publisher":{"@id":"https:\/\/agrupacionespsoe.es\/lozoyuela-navas-sieteiglesias\/#organization"},"potentialAction":[{"@type":"SearchAction","target":{"@type":"EntryPoint","urlTemplate":"https:\/\/agrupacionespsoe.es\/lozoyuela-navas-sieteiglesias\/?s={search_term_string}"},"query-input":{"@type":"PropertyValueSpecification","valueRequired":true,"valueName":"search_term_string"}}],"inLanguage":"es"},{"@type":"Organization","@id":"https:\/\/agrupacionespsoe.es\/lozoyuela-navas-sieteiglesias\/#organization","name":"Agrupaci\u00f3n Socialista de Lozoyuela-Navas-Sieteiglesias","url":"https:\/\/agrupacionespsoe.es\/lozoyuela-navas-sieteiglesias\/","logo":{"@type":"ImageObject","inLanguage":"es","@id":"https:\/\/agrupacionespsoe.es\/lozoyuela-navas-sieteiglesias\/#\/schema\/logo\/image\/","url":"https:\/\/agrupacionespsoe.es\/wp-content\/uploads\/2022\/07\/Logotipo_electoral_del_PSOE.png","contentUrl":"https:\/\/agrupacionespsoe.es\/wp-content\/uploads\/2022\/07\/Logotipo_electoral_del_PSOE.png","width":422,"height":422,"caption":"Agrupaci\u00f3n Socialista de Lozoyuela-Navas-Sieteiglesias"},"image":{"@id":"https:\/\/agrupacionespsoe.es\/lozoyuela-navas-sieteiglesias\/#\/schema\/logo\/image\/"}}]}},"jetpack_sharing_enabled":true,"_links":{"self":[{"href":"https:\/\/agrupacionespsoe.es\/lozoyuela-navas-sieteiglesias\/wp-json\/wp\/v2\/pages\/263","targetHints":{"allow":["GET"]}}],"collection":[{"href":"https:\/\/agrupacionespsoe.es\/lozoyuela-navas-sieteiglesias\/wp-json\/wp\/v2\/pages"}],"about":[{"href":"https:\/\/agrupacionespsoe.es\/lozoyuela-navas-sieteiglesias\/wp-json\/wp\/v2\/types\/page"}],"author":[{"embeddable":true,"href":"https:\/\/agrupacionespsoe.es\/lozoyuela-navas-sieteiglesias\/wp-json\/wp\/v2\/users\/305"}],"replies":[{"embeddable":true,"href":"https:\/\/agrupacionespsoe.es\/lozoyuela-navas-sieteiglesias\/wp-json\/wp\/v2\/comments?post=263"}],"version-history":[{"count":15,"href":"https:\/\/agrupacionespsoe.es\/lozoyuela-navas-sieteiglesias\/wp-json\/wp\/v2\/pages\/263\/revisions"}],"predecessor-version":[{"id":335,"href":"https:\/\/agrupacionespsoe.es\/lozoyuela-navas-sieteiglesias\/wp-json\/wp\/v2\/pages\/263\/revisions\/335"}],"wp:attachment":[{"href":"https:\/\/agrupacionespsoe.es\/lozoyuela-navas-sieteiglesias\/wp-json\/wp\/v2\/media?parent=263"}],"curies":[{"name":"wp","href":"https:\/\/api.w.org\/{rel}","templated":true}]}}