{"id":25,"date":"2022-08-22T11:27:50","date_gmt":"2022-08-22T09:27:50","guid":{"rendered":"https:\/\/agrupacionespsoe.es\/leganes\/portada\/"},"modified":"2025-12-03T20:53:33","modified_gmt":"2025-12-03T19:53:33","slug":"portada","status":"publish","type":"page","link":"https:\/\/agrupacionespsoe.es\/leganes\/","title":{"rendered":"Portada"},"content":{"rendered":"<section class=\"bg-black !bg-cover !bg-scroll lg:!bg-cover lg:!bg-fixed bg-center\" style=\"background: linear-gradient(to top right, rgba(244, 0, 0, 0.6) 20%, rgba(0, 0, 0, 0.7) 60%) fixed, url('https:\/\/agrupacionespsoe.es\/leganes\/wp-content\/uploads\/sites\/191\/2025\/06\/web_01-scaled.jpg') center \/ cover no-repeat fixed\">\n    <div class=\"md:min-h-[60vh] py-10 px-6 flex flex-col items-center justify-center max-w-screen-lg mx-auto text-white text-center\">\n\n        \n        <h1 class=\"text-[55px] !leading-[1.09] font-bold mb-5\">PSOE LEGAN\u00c9S<\/h1>\n\n            <\/div>\n<\/section>\n\n\n<section class=\"py-4\">\n    <div class=\"md:flex md:flex-wrap md:gap-2\">\n\n                    \n                \n                <div class=\"h-[300px] 2xl:h-[400px] md:h-44 md:h-80 lg:h-60 my-2 lg:my-0 bg-cover bg-center flex flex-col justify-end items-start p-10 md:p-4 lg:p-5 hover:shadow-[inset_0_0_100px_100px_rgba(0,0,0,0.6)] transition-all\" style=\"background-image: url('https:\/\/agrupacionespsoe.es\/leganes\/wp-content\/uploads\/sites\/191\/2025\/06\/GsXs8oVWQAAPX6J.jpg'); flex: 1 0 20%;\">\n                                            <h2 class=\"text-white !font-normal text-xl my-0 mb-2\">El alma de Legan\u00e9s \ud83e\udd79\u2764\ud83c\udf08<\/h2>\n                    \n                                            <a class=\"bg-primary !text-white hover:bg-white hover:!text-primary uppercase  px-4 lg:px-10 py-2 my-0 text-white font-bold text-sm\" href=\"https:\/\/x.com\/psoedeleganes\/\" target=&quot;_blank&quot;>X<\/a>\n                                    <\/div>\n            \n                \n                <div class=\"h-[300px] 2xl:h-[400px] md:h-44 md:h-80 lg:h-60 my-2 lg:my-0 bg-cover bg-center flex flex-col justify-end items-start p-10 md:p-4 lg:p-5 hover:shadow-[inset_0_0_100px_100px_rgba(0,0,0,0.6)] transition-all\" style=\"background-image: url('https:\/\/agrupacionespsoe.es\/leganes\/wp-content\/uploads\/sites\/191\/2025\/06\/511307507_1065619162365715_3353437111072911252_n.jpg'); flex: 1 0 20%;\">\n                    \n                                            <a class=\"bg-primary !text-white hover:bg-white hover:!text-primary uppercase  px-4 lg:px-10 py-2 my-0 text-white font-bold text-sm\" href=\"https:\/\/www.facebook.com\/psoeleganes\" target=&quot;_blank&quot;>Facebook<\/a>\n                                    <\/div>\n            \n                \n                <div class=\"h-[300px] 2xl:h-[400px] md:h-44 md:h-80 lg:h-60 my-2 lg:my-0 bg-cover bg-center flex flex-col justify-end items-start p-10 md:p-4 lg:p-5 hover:shadow-[inset_0_0_100px_100px_rgba(0,0,0,0.6)] transition-all\" style=\"background-image: url('https:\/\/agrupacionespsoe.es\/leganes\/wp-content\/uploads\/sites\/191\/2025\/06\/nuestro_recuenco_cuadrado.jpg'); flex: 1 0 20%;\">\n                    \n                                            <a class=\"bg-primary !text-white hover:bg-white hover:!text-primary uppercase  px-4 lg:px-10 py-2 my-0 text-white font-bold text-sm\" href=\"https:\/\/www.instagram.com\/psoedeleganes\/\" target=&quot;_blank&quot;>Instagram<\/a>\n                                    <\/div>\n            \n                \n                <div class=\"h-[300px] 2xl:h-[400px] md:h-44 md:h-80 lg:h-60 my-2 lg:my-0 bg-cover bg-center flex flex-col justify-end items-start p-10 md:p-4 lg:p-5 hover:shadow-[inset_0_0_100px_100px_rgba(0,0,0,0.6)] transition-all\" style=\"background-image: url('https:\/\/agrupacionespsoe.es\/leganes\/wp-content\/uploads\/sites\/191\/2025\/06\/ticktock.jpg'); flex: 1 0 20%;\">\n                    \n                                            <a class=\"bg-primary !text-white hover:bg-white hover:!text-primary uppercase  px-4 lg:px-10 py-2 my-0 text-white font-bold text-sm\" href=\"https:\/\/www.tiktok.com\/@psoe.leganes\" target=&quot;_blank&quot;>tiktok<\/a>\n                                    <\/div>\n                    \n    <\/div>\n<\/section>\n\n\n<section class=\"py-5 bg-primary\">\n    <div class=\"psoe-container\">\n        <div class=\"md:grid md:grid-cols-12 gap-4 items-center\">\n            <div class=\"md:col-span-3 lg:col-span-2 mb-5 md:mb-0\">\n                                    <img decoding=\"async\" loading=\"lazy\" src=\"https:\/\/agrupacionespsoe.es\/wp-content\/uploads\/2023\/02\/psoe-logo-blanco.png\" class=\"my-2 md:m-0 !w-auto mx-auto md:!w-[120px] md:!h-[120px] lg:!w-[180px] lg:!h-[180px] max-w-full md:object-contain md:object-center hidden md:block\" \/>\n\n                                            <img decoding=\"async\" loading=\"lazy\" src=\"https:\/\/agrupacionespsoe.es\/wp-content\/uploads\/2023\/02\/psoe-logo-blanco.png\" class=\"my-2 px-6 block md:hidden mx-auto max-w-full\" \/>\n                                                <\/div>\n            <div class=\"md:col-span-9 lg:col-span-10 px-6 lg:p-4\">\n\n                \n                                    <div class=\"md:grid md:grid-cols-12 py-2\">\n\n                                                    <div class=\"md:col-span-6 md:px-4 text-white leading-8\">\n                                <p><strong>PSOE Legan\u00e9s<\/strong><br \/>C\/ El Charco 44<br \/>Lunes de 18:30 a 20:00<br \/><strong>650 77 08 72<\/strong><\/p>\n\n                            <\/div>\n                        \n                                                    <div class=\"md:col-span-6 md:px-4 text-white leading-8\">\n                                <p><strong>Grupo Municipal Socialista<\/strong><br \/>C\/ Antonio Machado 4<br \/>Lunes a Viernes de 11:00 a 14:00<\/p>\n\n                            <\/div>\n                        \n                    <\/div>\n                \n            <\/div>\n        <\/div>\n    <\/div>\n<\/section>\n\n\n\n<p><\/p>\n","protected":false},"excerpt":{"rendered":"","protected":false},"author":1,"featured_media":0,"parent":0,"menu_order":0,"comment_status":"closed","ping_status":"closed","template":"","meta":{"footnotes":""},"class_list":["post-25","page","type-page","status-publish","hentry"],"yoast_head":"<!-- This site is optimized with the Yoast SEO plugin v24.0 - https:\/\/yoast.com\/wordpress\/plugins\/seo\/ -->\n<title>Portada - PSOE Legan\u00e9s<\/title>\n<meta name=\"description\" content=\"P\u00e1gina web de la Agrupaci\u00f3n Socialista de Legan\u00e9s\" \/>\n<meta name=\"robots\" content=\"index, follow, max-snippet:-1, max-image-preview:large, max-video-preview:-1\" \/>\n<link rel=\"canonical\" href=\"https:\/\/agrupacionespsoe.es\/leganes\/\" \/>\n<meta property=\"og:locale\" content=\"es_ES\" \/>\n<meta property=\"og:type\" content=\"article\" \/>\n<meta property=\"og:title\" content=\"Portada - PSOE Legan\u00e9s\" \/>\n<meta property=\"og:description\" content=\"P\u00e1gina web de la Agrupaci\u00f3n Socialista de Legan\u00e9s\" \/>\n<meta property=\"og:url\" content=\"https:\/\/agrupacionespsoe.es\/leganes\/\" \/>\n<meta property=\"og:site_name\" content=\"PSOE Legan\u00e9s\" \/>\n<meta property=\"article:modified_time\" content=\"2025-12-03T19:53:33+00:00\" \/>\n<meta name=\"twitter:card\" content=\"summary_large_image\" \/>\n<script type=\"application\/ld+json\" class=\"yoast-schema-graph\">{\"@context\":\"https:\/\/schema.org\",\"@graph\":[{\"@type\":\"WebPage\",\"@id\":\"https:\/\/agrupacionespsoe.es\/leganes\/\",\"url\":\"https:\/\/agrupacionespsoe.es\/leganes\/\",\"name\":\"Portada - PSOE Legan\u00e9s\",\"isPartOf\":{\"@id\":\"https:\/\/agrupacionespsoe.es\/leganes\/#website\"},\"datePublished\":\"2022-08-22T09:27:50+00:00\",\"dateModified\":\"2025-12-03T19:53:33+00:00\",\"description\":\"P\u00e1gina web de la Agrupaci\u00f3n Socialista de Legan\u00e9s\",\"breadcrumb\":{\"@id\":\"https:\/\/agrupacionespsoe.es\/leganes\/#breadcrumb\"},\"inLanguage\":\"es\",\"potentialAction\":[{\"@type\":\"ReadAction\",\"target\":[\"https:\/\/agrupacionespsoe.es\/leganes\/\"]}]},{\"@type\":\"BreadcrumbList\",\"@id\":\"https:\/\/agrupacionespsoe.es\/leganes\/#breadcrumb\",\"itemListElement\":[{\"@type\":\"ListItem\",\"position\":1,\"name\":\"Portada\",\"item\":\"https:\/\/agrupacionespsoe.es\/leganes\/\"},{\"@type\":\"ListItem\",\"position\":2,\"name\":\"Portada\"}]},{\"@type\":\"WebSite\",\"@id\":\"https:\/\/agrupacionespsoe.es\/leganes\/#website\",\"url\":\"https:\/\/agrupacionespsoe.es\/leganes\/\",\"name\":\"PSOE Legan\u00e9s\",\"description\":\"Agrupaci\u00f3n Socialista de Legan\u00e9s\",\"publisher\":{\"@id\":\"https:\/\/agrupacionespsoe.es\/leganes\/#organization\"},\"potentialAction\":[{\"@type\":\"SearchAction\",\"target\":{\"@type\":\"EntryPoint\",\"urlTemplate\":\"https:\/\/agrupacionespsoe.es\/leganes\/?s={search_term_string}\"},\"query-input\":{\"@type\":\"PropertyValueSpecification\",\"valueRequired\":true,\"valueName\":\"search_term_string\"}}],\"inLanguage\":\"es\"},{\"@type\":\"Organization\",\"@id\":\"https:\/\/agrupacionespsoe.es\/leganes\/#organization\",\"name\":\"PSOE Legan\u00e9s\",\"url\":\"https:\/\/agrupacionespsoe.es\/leganes\/\",\"logo\":{\"@type\":\"ImageObject\",\"inLanguage\":\"es\",\"@id\":\"https:\/\/agrupacionespsoe.es\/leganes\/#\/schema\/logo\/image\/\",\"url\":\"https:\/\/agrupacionespsoe.es\/wp-content\/uploads\/2022\/07\/Logotipo_electoral_del_PSOE.png\",\"contentUrl\":\"https:\/\/agrupacionespsoe.es\/wp-content\/uploads\/2022\/07\/Logotipo_electoral_del_PSOE.png\",\"width\":422,\"height\":422,\"caption\":\"PSOE Legan\u00e9s\"},\"image\":{\"@id\":\"https:\/\/agrupacionespsoe.es\/leganes\/#\/schema\/logo\/image\/\"}}]}<\/script>\n<!-- \/ Yoast SEO plugin. -->","yoast_head_json":{"title":"Portada - PSOE Legan\u00e9s","description":"P\u00e1gina web de la Agrupaci\u00f3n Socialista de Legan\u00e9s","robots":{"index":"index","follow":"follow","max-snippet":"max-snippet:-1","max-image-preview":"max-image-preview:large","max-video-preview":"max-video-preview:-1"},"canonical":"https:\/\/agrupacionespsoe.es\/leganes\/","og_locale":"es_ES","og_type":"article","og_title":"Portada - PSOE Legan\u00e9s","og_description":"P\u00e1gina web de la Agrupaci\u00f3n Socialista de Legan\u00e9s","og_url":"https:\/\/agrupacionespsoe.es\/leganes\/","og_site_name":"PSOE Legan\u00e9s","article_modified_time":"2025-12-03T19:53:33+00:00","twitter_card":"summary_large_image","schema":{"@context":"https:\/\/schema.org","@graph":[{"@type":"WebPage","@id":"https:\/\/agrupacionespsoe.es\/leganes\/","url":"https:\/\/agrupacionespsoe.es\/leganes\/","name":"Portada - PSOE Legan\u00e9s","isPartOf":{"@id":"https:\/\/agrupacionespsoe.es\/leganes\/#website"},"datePublished":"2022-08-22T09:27:50+00:00","dateModified":"2025-12-03T19:53:33+00:00","description":"P\u00e1gina web de la Agrupaci\u00f3n Socialista de Legan\u00e9s","breadcrumb":{"@id":"https:\/\/agrupacionespsoe.es\/leganes\/#breadcrumb"},"inLanguage":"es","potentialAction":[{"@type":"ReadAction","target":["https:\/\/agrupacionespsoe.es\/leganes\/"]}]},{"@type":"BreadcrumbList","@id":"https:\/\/agrupacionespsoe.es\/leganes\/#breadcrumb","itemListElement":[{"@type":"ListItem","position":1,"name":"Portada","item":"https:\/\/agrupacionespsoe.es\/leganes\/"},{"@type":"ListItem","position":2,"name":"Portada"}]},{"@type":"WebSite","@id":"https:\/\/agrupacionespsoe.es\/leganes\/#website","url":"https:\/\/agrupacionespsoe.es\/leganes\/","name":"PSOE Legan\u00e9s","description":"Agrupaci\u00f3n Socialista de Legan\u00e9s","publisher":{"@id":"https:\/\/agrupacionespsoe.es\/leganes\/#organization"},"potentialAction":[{"@type":"SearchAction","target":{"@type":"EntryPoint","urlTemplate":"https:\/\/agrupacionespsoe.es\/leganes\/?s={search_term_string}"},"query-input":{"@type":"PropertyValueSpecification","valueRequired":true,"valueName":"search_term_string"}}],"inLanguage":"es"},{"@type":"Organization","@id":"https:\/\/agrupacionespsoe.es\/leganes\/#organization","name":"PSOE Legan\u00e9s","url":"https:\/\/agrupacionespsoe.es\/leganes\/","logo":{"@type":"ImageObject","inLanguage":"es","@id":"https:\/\/agrupacionespsoe.es\/leganes\/#\/schema\/logo\/image\/","url":"https:\/\/agrupacionespsoe.es\/wp-content\/uploads\/2022\/07\/Logotipo_electoral_del_PSOE.png","contentUrl":"https:\/\/agrupacionespsoe.es\/wp-content\/uploads\/2022\/07\/Logotipo_electoral_del_PSOE.png","width":422,"height":422,"caption":"PSOE Legan\u00e9s"},"image":{"@id":"https:\/\/agrupacionespsoe.es\/leganes\/#\/schema\/logo\/image\/"}}]}},"jetpack_sharing_enabled":true,"_links":{"self":[{"href":"https:\/\/agrupacionespsoe.es\/leganes\/wp-json\/wp\/v2\/pages\/25","targetHints":{"allow":["GET"]}}],"collection":[{"href":"https:\/\/agrupacionespsoe.es\/leganes\/wp-json\/wp\/v2\/pages"}],"about":[{"href":"https:\/\/agrupacionespsoe.es\/leganes\/wp-json\/wp\/v2\/types\/page"}],"author":[{"embeddable":true,"href":"https:\/\/agrupacionespsoe.es\/leganes\/wp-json\/wp\/v2\/users\/1"}],"replies":[{"embeddable":true,"href":"https:\/\/agrupacionespsoe.es\/leganes\/wp-json\/wp\/v2\/comments?post=25"}],"version-history":[{"count":33,"href":"https:\/\/agrupacionespsoe.es\/leganes\/wp-json\/wp\/v2\/pages\/25\/revisions"}],"predecessor-version":[{"id":241,"href":"https:\/\/agrupacionespsoe.es\/leganes\/wp-json\/wp\/v2\/pages\/25\/revisions\/241"}],"wp:attachment":[{"href":"https:\/\/agrupacionespsoe.es\/leganes\/wp-json\/wp\/v2\/media?parent=25"}],"curies":[{"name":"wp","href":"https:\/\/api.w.org\/{rel}","templated":true}]}}

<section class="bg-black !bg-cover !bg-scroll lg:!bg-cover lg:!bg-fixed bg-center" style="background: linear-gradient(to top right, rgba(244, 0, 0, 0.6) 20%, rgba(0, 0, 0, 0.7) 60%) fixed, url('https://agrupacionespsoe.es/leganes/wp-content/uploads/sites/191/2025/06/web_01-scaled.jpg') center / cover no-repeat fixed">
    <div class="md:min-h-[60vh] py-10 px-6 flex flex-col items-center justify-center max-w-screen-lg mx-auto text-white text-center">

        
        <h1 class="text-[55px] !leading-[1.09] font-bold mb-5">PSOE LEGANÉS</h1>

            </div>
</section>


<section class="py-4">
    <div class="md:flex md:flex-wrap md:gap-2">

                    
                
                <div class="h-[300px] 2xl:h-[400px] md:h-44 md:h-80 lg:h-60 my-2 lg:my-0 bg-cover bg-center flex flex-col justify-end items-start p-10 md:p-4 lg:p-5 hover:shadow-[inset_0_0_100px_100px_rgba(0,0,0,0.6)] transition-all" style="background-image: url('https://agrupacionespsoe.es/leganes/wp-content/uploads/sites/191/2025/06/GsXs8oVWQAAPX6J.jpg'); flex: 1 0 20%;">
                                            <h2 class="text-white !font-normal text-xl my-0 mb-2">El alma de Leganés 🥹❤🌈</h2>
                    
                                            <a class="bg-primary !text-white hover:bg-white hover:!text-primary uppercase  px-4 lg:px-10 py-2 my-0 text-white font-bold text-sm" href="https://x.com/psoedeleganes/" target=&quot;_blank&quot;>X</a>
                                    </div>
            
                
                <div class="h-[300px] 2xl:h-[400px] md:h-44 md:h-80 lg:h-60 my-2 lg:my-0 bg-cover bg-center flex flex-col justify-end items-start p-10 md:p-4 lg:p-5 hover:shadow-[inset_0_0_100px_100px_rgba(0,0,0,0.6)] transition-all" style="background-image: url('https://agrupacionespsoe.es/leganes/wp-content/uploads/sites/191/2025/06/511307507_1065619162365715_3353437111072911252_n.jpg'); flex: 1 0 20%;">
                    
                                            <a class="bg-primary !text-white hover:bg-white hover:!text-primary uppercase  px-4 lg:px-10 py-2 my-0 text-white font-bold text-sm" href="https://www.facebook.com/psoeleganes" target=&quot;_blank&quot;>Facebook</a>
                                    </div>
            
                
                <div class="h-[300px] 2xl:h-[400px] md:h-44 md:h-80 lg:h-60 my-2 lg:my-0 bg-cover bg-center flex flex-col justify-end items-start p-10 md:p-4 lg:p-5 hover:shadow-[inset_0_0_100px_100px_rgba(0,0,0,0.6)] transition-all" style="background-image: url('https://agrupacionespsoe.es/leganes/wp-content/uploads/sites/191/2025/06/nuestro_recuenco_cuadrado.jpg'); flex: 1 0 20%;">
                    
                                            <a class="bg-primary !text-white hover:bg-white hover:!text-primary uppercase  px-4 lg:px-10 py-2 my-0 text-white font-bold text-sm" href="https://www.instagram.com/psoedeleganes/" target=&quot;_blank&quot;>Instagram</a>
                                    </div>
            
                
                <div class="h-[300px] 2xl:h-[400px] md:h-44 md:h-80 lg:h-60 my-2 lg:my-0 bg-cover bg-center flex flex-col justify-end items-start p-10 md:p-4 lg:p-5 hover:shadow-[inset_0_0_100px_100px_rgba(0,0,0,0.6)] transition-all" style="background-image: url('https://agrupacionespsoe.es/leganes/wp-content/uploads/sites/191/2025/06/ticktock.jpg'); flex: 1 0 20%;">
                    
                                            <a class="bg-primary !text-white hover:bg-white hover:!text-primary uppercase  px-4 lg:px-10 py-2 my-0 text-white font-bold text-sm" href="https://www.tiktok.com/@psoe.leganes" target=&quot;_blank&quot;>tiktok</a>
                                    </div>
                    
    </div>
</section>


<section class="py-5 bg-primary">
    <div class="psoe-container">
        <div class="md:grid md:grid-cols-12 gap-4 items-center">
            <div class="md:col-span-3 lg:col-span-2 mb-5 md:mb-0">
                                    <img decoding="async" loading="lazy" src="https://agrupacionespsoe.es/wp-content/uploads/2023/02/psoe-logo-blanco.png" class="my-2 md:m-0 !w-auto mx-auto md:!w-[120px] md:!h-[120px] lg:!w-[180px] lg:!h-[180px] max-w-full md:object-contain md:object-center hidden md:block" />

                                            <img decoding="async" loading="lazy" src="https://agrupacionespsoe.es/wp-content/uploads/2023/02/psoe-logo-blanco.png" class="my-2 px-6 block md:hidden mx-auto max-w-full" />
                                                </div>
            <div class="md:col-span-9 lg:col-span-10 px-6 lg:p-4">

                
                                    <div class="md:grid md:grid-cols-12 py-2">

                                                    <div class="md:col-span-6 md:px-4 text-white leading-8">
                                <p><strong>PSOE Leganés</strong><br />C/ El Charco 44<br />Lunes de 18:30 a 20:00<br /><strong>650 77 08 72</strong></p>

                            </div>
                        
                                                    <div class="md:col-span-6 md:px-4 text-white leading-8">
                                <p><strong>Grupo Municipal Socialista</strong><br />C/ Antonio Machado 4<br />Lunes a Viernes de 11:00 a 14:00</p>

                            </div>
                        
                    </div>
                
            </div>
        </div>
    </div>
</section>



<p></p>

<!-- This site is optimized with the Yoast SEO plugin v24.0 - https://yoast.com/wordpress/plugins/seo/ -->
<title>Portada - PSOE Leganés</title>
<meta name="description" content="Página web de la Agrupación Socialista de Leganés" />
<meta name="robots" content="index, follow, max-snippet:-1, max-image-preview:large, max-video-preview:-1" />
<link rel="canonical" href="https://agrupacionespsoe.es/leganes/" />
<meta property="og:locale" content="es_ES" />
<meta property="og:type" content="article" />
<meta property="og:title" content="Portada - PSOE Leganés" />
<meta property="og:description" content="Página web de la Agrupación Socialista de Leganés" />
<meta property="og:url" content="https://agrupacionespsoe.es/leganes/" />
<meta property="og:site_name" content="PSOE Leganés" />
<meta property="article:modified_time" content="2025-12-03T19:53:33+00:00" />
<meta name="twitter:card" content="summary_large_image" />
<script type="application/ld+json" class="yoast-schema-graph">{"@context":"https://schema.org","@graph":[{"@type":"WebPage","@id":"https://agrupacionespsoe.es/leganes/","url":"https://agrupacionespsoe.es/leganes/","name":"Portada - PSOE Leganés","isPartOf":{"@id":"https://agrupacionespsoe.es/leganes/#website"},"datePublished":"2022-08-22T09:27:50+00:00","dateModified":"2025-12-03T19:53:33+00:00","description":"Página web de la Agrupación Socialista de Leganés","breadcrumb":{"@id":"https://agrupacionespsoe.es/leganes/#breadcrumb"},"inLanguage":"es","potentialAction":[{"@type":"ReadAction","target":["https://agrupacionespsoe.es/leganes/"]}]},{"@type":"BreadcrumbList","@id":"https://agrupacionespsoe.es/leganes/#breadcrumb","itemListElement":[{"@type":"ListItem","position":1,"name":"Portada","item":"https://agrupacionespsoe.es/leganes/"},{"@type":"ListItem","position":2,"name":"Portada"}]},{"@type":"WebSite","@id":"https://agrupacionespsoe.es/leganes/#website","url":"https://agrupacionespsoe.es/leganes/","name":"PSOE Leganés","description":"Agrupación Socialista de Leganés","publisher":{"@id":"https://agrupacionespsoe.es/leganes/#organization"},"potentialAction":[{"@type":"SearchAction","target":{"@type":"EntryPoint","urlTemplate":"https://agrupacionespsoe.es/leganes/?s={search_term_string}"},"query-input":{"@type":"PropertyValueSpecification","valueRequired":true,"valueName":"search_term_string"}}],"inLanguage":"es"},{"@type":"Organization","@id":"https://agrupacionespsoe.es/leganes/#organization","name":"PSOE Leganés","url":"https://agrupacionespsoe.es/leganes/","logo":{"@type":"ImageObject","inLanguage":"es","@id":"https://agrupacionespsoe.es/leganes/#/schema/logo/image/","url":"https://agrupacionespsoe.es/wp-content/uploads/2022/07/Logotipo_electoral_del_PSOE.png","contentUrl":"https://agrupacionespsoe.es/wp-content/uploads/2022/07/Logotipo_electoral_del_PSOE.png","width":422,"height":422,"caption":"PSOE Leganés"},"image":{"@id":"https://agrupacionespsoe.es/leganes/#/schema/logo/image/"}}]}</script>
<!-- / Yoast SEO plugin. -->

Portada - PSOE Leganés

Página web de la Agrupación Socialista de Leganés

PSOE Leganés

Agrupación Socialista de Leganés
