{"id":4,"date":"2022-10-13T09:42:26","date_gmt":"2022-10-13T07:42:26","guid":{"rendered":"https:\/\/agrupacionespsoe.es\/ferrol\/nosotros\/"},"modified":"2025-06-13T12:48:40","modified_gmt":"2025-06-13T10:48:40","slug":"nosotros","status":"publish","type":"page","link":"https:\/\/agrupacionespsoe.es\/ferrol\/nosotros\/","title":{"rendered":"nosotros"},"content":{"rendered":"\n<div class=\"wp-block-columns is-layout-flex wp-container-core-columns-is-layout-1 wp-block-columns-is-layout-flex\">\n<div class=\"wp-block-column is-layout-flow wp-block-column-is-layout-flow\" style=\"flex-basis:100%\">\n<figure class=\"wp-block-table\"><table><thead><tr><th>CARGO<\/th><th>NOME<\/th><th>APELIDOS<\/th><\/tr><\/thead><tbody><tr><td>Secretario Xeral<\/td><td>\u00c1NGEL<\/td><td>MATO ESCALONA<\/td><\/tr><tr><td>Presidente<\/td><td>MANUEL<\/td><td>LORENZO RAMOS<\/td><\/tr><tr><td>Secretar\u00eda de Organizaci\u00f3n<\/td><td>RAFAEL<\/td><td>FERN\u00c1NDEZ BECEIRO<\/td><\/tr><tr><td>Portavocia e Secretar\u00eda de Formaci\u00f3n e Urbanismo<\/td><td>JULI\u00c1N<\/td><td>REINA VILLAL\u00d3N<\/td><\/tr><tr><td>Secretaria de Afiliaci\u00f3n e militancia &#8211; Adxunta Organizaci\u00f3n<\/td><td>BEATRIZ<\/td><td>BLANCO LORENZO<\/td><\/tr><tr><td>Secretar\u00eda de Pol\u00edtica Municipal<\/td><td>NATIVIDAD<\/td><td>GONZ\u00c1LEZ LASO<\/td><\/tr><tr><td>Secretar\u00eda de Administraci\u00f3n<\/td><td>ANA<\/td><td>BECEIRO MOSQUERA<\/td><\/tr><tr><td>Secretar\u00eda de Cultura, Educaci\u00f3n e Memoria hist\u00f3rica<\/td><td>MONTSE<\/td><td>DOPICO MALDE<\/td><\/tr><tr><td>Secretar\u00eda de Comunicaci\u00f3n<\/td><td>\u00c1NGEL<\/td><td>CASTI\u00d1EIRA CASTRO<\/td><\/tr><tr><td>Secretar\u00eda de Estadistica \/ Datos \/ rrss<\/td><td>DANIEL<\/td><td>BERINI MONTES<\/td><\/tr><tr><td>Secretar\u00eda do Rural<\/td><td>MIRIAM<\/td><td>L\u00d3PEZ SERANTES<\/td><\/tr><tr><td>Secretar\u00eda de Acci\u00f3n electoral e funci\u00f3n p\u00fablica<\/td><td>MANUEL<\/td><td>SANTIAGO P\u00c9REZ<\/td><\/tr><tr><td>Secretar\u00eda de Muller e igualdade<\/td><td>M\u00d3NICA<\/td><td>FERREIRA GOLPE<\/td><\/tr><tr><td>Secretaria de Industria e Transici\u00f3n Enerx\u00e9tica<\/td><td>GERARDO<\/td><td>L\u00d3PEZ CASTRILL\u00d3N<\/td><\/tr><tr><td>Secretaria de Benestar Social<\/td><td>ANT\u00cdA<\/td><td>GARC\u00cdA GONZ\u00c1LEZ<\/td><\/tr><tr><td>Secretar\u00eda de Turismo e sostenibilidade<\/td><td>VERONICA<\/td><td>CASTRO LORENZO<\/td><\/tr><tr><td>Secretar\u00eda executiva<\/td><td>MAR\u00cdA LUISA<\/td><td>MESA GARC\u00cdA<\/td><\/tr><\/tbody><\/table><\/figure>\n<\/div>\n<\/div>\n\n\n<section class=\"py-12 bg-white\">\n    <div class=\"max-w-screen-lg mx-auto\">\n\n        <div class=\"md:grid md:grid-cols-2 md:gap-2 items-center\">\n            <div class=\"p-2\">\n                <img decoding=\"async\" class=\"hidden md:inline-block\" src=\"https:\/\/agrupacionespsoe.es\/ferrol\/wp-content\/themes\/psoe-agrupaciones-theme\/public\/gobernando-white.518491.png\" alt=\"Gobernando con hechos\">\n                <img decoding=\"async\" class=\"block md:hidden mx-auto mb-5\" src=\"https:\/\/agrupacionespsoe.es\/ferrol\/wp-content\/themes\/psoe-agrupaciones-theme\/public\/gobernando-white-mobile.caeb39.png\" alt=\"Gobernando con hechos\">\n            <\/div>\n\n            <div class=\"p-2 text-center\">\n                <a class=\"hover:opacity-75 md:inline px-8 lg:px-14 py-2 lg:py-4 font-bold text-center lg:text-xl uppercase bg-primary !text-white\" href=\"https:\/\/afiliate.psoe.es\/Affiliation\/AffiliationHome\" >\n                    Af\u00edliate\n                <\/a>\n            <\/div>\n        <\/div>\n\n    <\/div>\n<\/section>\n\n\n\n<p><\/p>\n","protected":false},"excerpt":{"rendered":"<p>CARGO NOME APELIDOS Secretario Xeral \u00c1NGEL MATO ESCALONA Presidente MANUEL LORENZO RAMOS Secretar\u00eda de Organizaci\u00f3n RAFAEL FERN\u00c1NDEZ BECEIRO Portavocia e Secretar\u00eda de Formaci\u00f3n e Urbanismo JULI\u00c1N REINA VILLAL\u00d3N Secretaria de Afiliaci\u00f3n e militancia &#8211; Adxunta Organizaci\u00f3n BEATRIZ BLANCO LORENZO Secretar\u00eda de Pol\u00edtica Municipal NATIVIDAD GONZ\u00c1LEZ LASO Secretar\u00eda de Administraci\u00f3n ANA BECEIRO MOSQUERA Secretar\u00eda de Cultura, &#8230;<\/p>\n","protected":false},"author":3,"featured_media":0,"parent":0,"menu_order":0,"comment_status":"closed","ping_status":"closed","template":"","meta":{"footnotes":""},"class_list":["post-4","page","type-page","status-publish","hentry"],"yoast_head":"<!-- This site is optimized with the Yoast SEO plugin v24.0 - https:\/\/yoast.com\/wordpress\/plugins\/seo\/ -->\n<title>nosotros - Agrupaci\u00f3n Socialista de Ferrol<\/title>\n<meta name=\"description\" content=\"Espacio para mostrar el equipo de la Agrupaci\u00f3n.\" \/>\n<meta name=\"robots\" content=\"index, follow, max-snippet:-1, max-image-preview:large, max-video-preview:-1\" \/>\n<link rel=\"canonical\" href=\"https:\/\/agrupacionespsoe.es\/ferrol\/nosotros\/\" \/>\n<meta property=\"og:locale\" content=\"es_ES\" \/>\n<meta property=\"og:type\" content=\"article\" \/>\n<meta property=\"og:title\" content=\"nosotros - Agrupaci\u00f3n Socialista de Ferrol\" \/>\n<meta property=\"og:description\" content=\"Espacio para mostrar el equipo de la Agrupaci\u00f3n.\" \/>\n<meta property=\"og:url\" content=\"https:\/\/agrupacionespsoe.es\/ferrol\/nosotros\/\" \/>\n<meta property=\"og:site_name\" content=\"Agrupaci\u00f3n Socialista de Ferrol\" \/>\n<meta property=\"article:modified_time\" content=\"2025-06-13T10:48:40+00:00\" \/>\n<meta name=\"twitter:card\" content=\"summary_large_image\" \/>\n<meta name=\"twitter:label1\" content=\"Tiempo de lectura\" \/>\n\t<meta name=\"twitter:data1\" content=\"1 minuto\" \/>\n<script type=\"application\/ld+json\" class=\"yoast-schema-graph\">{\"@context\":\"https:\/\/schema.org\",\"@graph\":[{\"@type\":\"WebPage\",\"@id\":\"https:\/\/agrupacionespsoe.es\/ferrol\/nosotros\/\",\"url\":\"https:\/\/agrupacionespsoe.es\/ferrol\/nosotros\/\",\"name\":\"nosotros - Agrupaci\u00f3n Socialista de Ferrol\",\"isPartOf\":{\"@id\":\"https:\/\/agrupacionespsoe.es\/ferrol\/#website\"},\"datePublished\":\"2022-10-13T07:42:26+00:00\",\"dateModified\":\"2025-06-13T10:48:40+00:00\",\"description\":\"Espacio para mostrar el equipo de la Agrupaci\u00f3n.\",\"breadcrumb\":{\"@id\":\"https:\/\/agrupacionespsoe.es\/ferrol\/nosotros\/#breadcrumb\"},\"inLanguage\":\"es\",\"potentialAction\":[{\"@type\":\"ReadAction\",\"target\":[\"https:\/\/agrupacionespsoe.es\/ferrol\/nosotros\/\"]}]},{\"@type\":\"BreadcrumbList\",\"@id\":\"https:\/\/agrupacionespsoe.es\/ferrol\/nosotros\/#breadcrumb\",\"itemListElement\":[{\"@type\":\"ListItem\",\"position\":1,\"name\":\"Portada\",\"item\":\"https:\/\/agrupacionespsoe.es\/ferrol\/\"},{\"@type\":\"ListItem\",\"position\":2,\"name\":\"nosotros\"}]},{\"@type\":\"WebSite\",\"@id\":\"https:\/\/agrupacionespsoe.es\/ferrol\/#website\",\"url\":\"https:\/\/agrupacionespsoe.es\/ferrol\/\",\"name\":\"Agrupaci\u00f3n Socialista de Ferrol\",\"description\":\"Agrupaci\u00f3n Socialista de Ferrol\",\"publisher\":{\"@id\":\"https:\/\/agrupacionespsoe.es\/ferrol\/#organization\"},\"potentialAction\":[{\"@type\":\"SearchAction\",\"target\":{\"@type\":\"EntryPoint\",\"urlTemplate\":\"https:\/\/agrupacionespsoe.es\/ferrol\/?s={search_term_string}\"},\"query-input\":{\"@type\":\"PropertyValueSpecification\",\"valueRequired\":true,\"valueName\":\"search_term_string\"}}],\"inLanguage\":\"es\"},{\"@type\":\"Organization\",\"@id\":\"https:\/\/agrupacionespsoe.es\/ferrol\/#organization\",\"name\":\"Agrupaci\u00f3n Socialista de Ferrol\",\"url\":\"https:\/\/agrupacionespsoe.es\/ferrol\/\",\"logo\":{\"@type\":\"ImageObject\",\"inLanguage\":\"es\",\"@id\":\"https:\/\/agrupacionespsoe.es\/ferrol\/#\/schema\/logo\/image\/\",\"url\":\"https:\/\/agrupacionespsoe.es\/wp-content\/uploads\/2022\/07\/Logotipo_electoral_del_PSOE.png\",\"contentUrl\":\"https:\/\/agrupacionespsoe.es\/wp-content\/uploads\/2022\/07\/Logotipo_electoral_del_PSOE.png\",\"width\":422,\"height\":422,\"caption\":\"Agrupaci\u00f3n Socialista de Ferrol\"},\"image\":{\"@id\":\"https:\/\/agrupacionespsoe.es\/ferrol\/#\/schema\/logo\/image\/\"}}]}<\/script>\n<!-- \/ Yoast SEO plugin. -->","yoast_head_json":{"title":"nosotros - Agrupaci\u00f3n Socialista de Ferrol","description":"Espacio para mostrar el equipo de la Agrupaci\u00f3n.","robots":{"index":"index","follow":"follow","max-snippet":"max-snippet:-1","max-image-preview":"max-image-preview:large","max-video-preview":"max-video-preview:-1"},"canonical":"https:\/\/agrupacionespsoe.es\/ferrol\/nosotros\/","og_locale":"es_ES","og_type":"article","og_title":"nosotros - Agrupaci\u00f3n Socialista de Ferrol","og_description":"Espacio para mostrar el equipo de la Agrupaci\u00f3n.","og_url":"https:\/\/agrupacionespsoe.es\/ferrol\/nosotros\/","og_site_name":"Agrupaci\u00f3n Socialista de Ferrol","article_modified_time":"2025-06-13T10:48:40+00:00","twitter_card":"summary_large_image","twitter_misc":{"Tiempo de lectura":"1 minuto"},"schema":{"@context":"https:\/\/schema.org","@graph":[{"@type":"WebPage","@id":"https:\/\/agrupacionespsoe.es\/ferrol\/nosotros\/","url":"https:\/\/agrupacionespsoe.es\/ferrol\/nosotros\/","name":"nosotros - Agrupaci\u00f3n Socialista de Ferrol","isPartOf":{"@id":"https:\/\/agrupacionespsoe.es\/ferrol\/#website"},"datePublished":"2022-10-13T07:42:26+00:00","dateModified":"2025-06-13T10:48:40+00:00","description":"Espacio para mostrar el equipo de la Agrupaci\u00f3n.","breadcrumb":{"@id":"https:\/\/agrupacionespsoe.es\/ferrol\/nosotros\/#breadcrumb"},"inLanguage":"es","potentialAction":[{"@type":"ReadAction","target":["https:\/\/agrupacionespsoe.es\/ferrol\/nosotros\/"]}]},{"@type":"BreadcrumbList","@id":"https:\/\/agrupacionespsoe.es\/ferrol\/nosotros\/#breadcrumb","itemListElement":[{"@type":"ListItem","position":1,"name":"Portada","item":"https:\/\/agrupacionespsoe.es\/ferrol\/"},{"@type":"ListItem","position":2,"name":"nosotros"}]},{"@type":"WebSite","@id":"https:\/\/agrupacionespsoe.es\/ferrol\/#website","url":"https:\/\/agrupacionespsoe.es\/ferrol\/","name":"Agrupaci\u00f3n Socialista de Ferrol","description":"Agrupaci\u00f3n Socialista de Ferrol","publisher":{"@id":"https:\/\/agrupacionespsoe.es\/ferrol\/#organization"},"potentialAction":[{"@type":"SearchAction","target":{"@type":"EntryPoint","urlTemplate":"https:\/\/agrupacionespsoe.es\/ferrol\/?s={search_term_string}"},"query-input":{"@type":"PropertyValueSpecification","valueRequired":true,"valueName":"search_term_string"}}],"inLanguage":"es"},{"@type":"Organization","@id":"https:\/\/agrupacionespsoe.es\/ferrol\/#organization","name":"Agrupaci\u00f3n Socialista de Ferrol","url":"https:\/\/agrupacionespsoe.es\/ferrol\/","logo":{"@type":"ImageObject","inLanguage":"es","@id":"https:\/\/agrupacionespsoe.es\/ferrol\/#\/schema\/logo\/image\/","url":"https:\/\/agrupacionespsoe.es\/wp-content\/uploads\/2022\/07\/Logotipo_electoral_del_PSOE.png","contentUrl":"https:\/\/agrupacionespsoe.es\/wp-content\/uploads\/2022\/07\/Logotipo_electoral_del_PSOE.png","width":422,"height":422,"caption":"Agrupaci\u00f3n Socialista de Ferrol"},"image":{"@id":"https:\/\/agrupacionespsoe.es\/ferrol\/#\/schema\/logo\/image\/"}}]}},"jetpack_sharing_enabled":true,"_links":{"self":[{"href":"https:\/\/agrupacionespsoe.es\/ferrol\/wp-json\/wp\/v2\/pages\/4","targetHints":{"allow":["GET"]}}],"collection":[{"href":"https:\/\/agrupacionespsoe.es\/ferrol\/wp-json\/wp\/v2\/pages"}],"about":[{"href":"https:\/\/agrupacionespsoe.es\/ferrol\/wp-json\/wp\/v2\/types\/page"}],"author":[{"embeddable":true,"href":"https:\/\/agrupacionespsoe.es\/ferrol\/wp-json\/wp\/v2\/users\/3"}],"replies":[{"embeddable":true,"href":"https:\/\/agrupacionespsoe.es\/ferrol\/wp-json\/wp\/v2\/comments?post=4"}],"version-history":[{"count":13,"href":"https:\/\/agrupacionespsoe.es\/ferrol\/wp-json\/wp\/v2\/pages\/4\/revisions"}],"predecessor-version":[{"id":434,"href":"https:\/\/agrupacionespsoe.es\/ferrol\/wp-json\/wp\/v2\/pages\/4\/revisions\/434"}],"wp:attachment":[{"href":"https:\/\/agrupacionespsoe.es\/ferrol\/wp-json\/wp\/v2\/media?parent=4"}],"curies":[{"name":"wp","href":"https:\/\/api.w.org\/{rel}","templated":true}]}}