{"id":518,"date":"2023-05-25T00:07:44","date_gmt":"2023-05-25T00:07:44","guid":{"rendered":"https:\/\/agrupacionespsoe.es\/cobena\/?page_id=518"},"modified":"2023-05-25T00:07:44","modified_gmt":"2023-05-25T00:07:44","slug":"fraude","status":"publish","type":"page","link":"https:\/\/agrupacionespsoe.es\/cobena\/fraude\/","title":{"rendered":"fraude"},"content":{"rendered":"\n<p class=\"has-text-align-center has-primary-color has-text-color has-medium-font-size\"><strong>SUPUESTOS FRAUDES A LA ADMINISTRACI\u00d3N EN LA SOLICITUD DE AYUDAS POR LA BORRASCA FILOMENA<\/strong><\/p>\n\n\n\n<div class=\"wp-block-columns is-layout-flex wp-container-core-columns-is-layout-1 wp-block-columns-is-layout-flex\">\n<div class=\"wp-block-column is-layout-flow wp-block-column-is-layout-flow\">\n<p>En enero de 2021, el equipo de Gobierno del ayuntamiento de Cobe\u00f1a elabor\u00f3 una estimaci\u00f3n de da\u00f1os producidos por la borrasca Filomena de 207.000 \u20ac. Un mes m\u00e1s tarde, la cifra de da\u00f1os la elevaron a 512.700 \u20ac que se repart\u00edan en 24 expedientes de da\u00f1os, entre ellas, da\u00f1os producidos en el arbolado municipial, <strong>ATENCI\u00d3N, POR UN VALOR DE 101.500 \u20ac<\/strong>. En mayo de ese mismo a\u00f1o, la cifra se redujo a 466.121 \u20ac, desapareciendo los m\u00e1s de 100.000 \u20ac del arbolado, y los siniestros reducidos a 17, <strong>DE LOS QUE NO HAY UNA SOLA FOTO EN LOS EXPEDIENTES DE LOS SUPUESTOS DA\u00d1OS<\/strong>.<\/p>\n\n\n\n<p><strong>COIP <\/strong>ha podido constatar irregularidades fehacientes en 6 de las 17 solicitudes de subvenci\u00f3n, mediante fotos obtenidas por el concejal de COIP, \u00c1ngel Andr\u00e9s Gin\u00e9s, o fotos de Google Maps de antes de la borrasca. Adem\u00e1s, la reparaci\u00f3n de la cubierta del ayuntamiento genera grandes dudas sobre su legalidad.<\/p>\n<\/div>\n\n\n\n<div class=\"wp-block-column is-layout-flow wp-block-column-is-layout-flow\">\n<p>En total, 7 subvenciones supuestamente fraudulentas en su solicitud que arrojan un total de 64.681,44 \u20ac:<\/p>\n\n\n\n<ol class=\"wp-block-list\">\n<li style=\"font-style:normal;font-weight:400\">Vallado de la pista polideportiva de Avd. R\u00edo Guadalquivir..<\/li>\n\n\n\n<li style=\"font-style:normal;font-weight:400\">T\u00f3tem informativo en la entrada del pol\u00edgono industrial Campo Nuevo.<\/li>\n\n\n\n<li style=\"font-style:normal;font-weight:400\">Juegos infantiles del parque de El Mirador.<\/li>\n\n\n\n<li style=\"font-style:normal;font-weight:400\">Juegos infantiles del parque de Avd. de Europa en Los Enebros.<\/li>\n\n\n\n<li style=\"font-style:normal;font-weight:400\">Puertas de acceso al punto limpio. Doble factura por el mismo trabajo.<\/li>\n\n\n\n<li style=\"font-style:normal;font-weight:400\">Talud en las pistas de frontones y p\u00e1del en el polideportivo.<\/li>\n\n\n\n<li style=\"font-style:normal;font-weight:400\">Cubierta del ayuntamiento.<\/li>\n<\/ol>\n<\/div>\n<\/div>\n\n\n\n<p class=\"has-text-align-center has-primary-color has-text-color\"><strong>Toda la informaci\u00f3n en la cuenta de Facebook de COIP<br><a href=\"https:\/\/www.facebook.com\/coip.cobenainiciativaprogreso\">https:\/\/www.facebook.com\/coip.cobenainiciativaprogreso<\/a><\/strong><\/p>\n\n\n\n<p class=\"has-text-align-center has-primary-color has-text-color\"><strong><a href=\"https:\/\/agrupacionespsoe.es\/cobena\/comunicado_mayo\">VOLVER<\/a><\/strong><\/p>\n","protected":false},"excerpt":{"rendered":"<p>SUPUESTOS FRAUDES A LA ADMINISTRACI\u00d3N EN LA SOLICITUD DE AYUDAS POR LA BORRASCA FILOMENA En enero de 2021, el equipo de Gobierno del ayuntamiento de Cobe\u00f1a elabor\u00f3 una estimaci\u00f3n de da\u00f1os producidos por la borrasca Filomena de 207.000 \u20ac. Un mes m\u00e1s tarde, la cifra de da\u00f1os la elevaron a 512.700 \u20ac que se repart\u00edan &#8230;<\/p>\n","protected":false},"author":138,"featured_media":0,"parent":0,"menu_order":0,"comment_status":"closed","ping_status":"closed","template":"","meta":{"footnotes":""},"class_list":["post-518","page","type-page","status-publish","hentry"],"yoast_head":"<!-- This site is optimized with the Yoast SEO plugin v24.0 - https:\/\/yoast.com\/wordpress\/plugins\/seo\/ -->\n<title>fraude - Agrupaci\u00f3n Socialista de Cobe\u00f1a<\/title>\n<meta name=\"robots\" content=\"index, follow, max-snippet:-1, max-image-preview:large, max-video-preview:-1\" \/>\n<link rel=\"canonical\" href=\"https:\/\/agrupacionespsoe.es\/cobena\/fraude\/\" \/>\n<meta property=\"og:locale\" content=\"es_ES\" \/>\n<meta property=\"og:type\" content=\"article\" \/>\n<meta property=\"og:title\" content=\"fraude - Agrupaci\u00f3n Socialista de Cobe\u00f1a\" \/>\n<meta property=\"og:description\" content=\"SUPUESTOS FRAUDES A LA ADMINISTRACI\u00d3N EN LA SOLICITUD DE AYUDAS POR LA BORRASCA FILOMENA En enero de 2021, el equipo de Gobierno del ayuntamiento de Cobe\u00f1a elabor\u00f3 una estimaci\u00f3n de da\u00f1os producidos por la borrasca Filomena de 207.000 \u20ac. Un mes m\u00e1s tarde, la cifra de da\u00f1os la elevaron a 512.700 \u20ac que se repart\u00edan ...\" \/>\n<meta property=\"og:url\" content=\"https:\/\/agrupacionespsoe.es\/cobena\/fraude\/\" \/>\n<meta property=\"og:site_name\" content=\"Agrupaci\u00f3n Socialista de Cobe\u00f1a\" \/>\n<meta name=\"twitter:card\" content=\"summary_large_image\" \/>\n<meta name=\"twitter:label1\" content=\"Tiempo de lectura\" \/>\n\t<meta name=\"twitter:data1\" content=\"2 minutos\" \/>\n<script type=\"application\/ld+json\" class=\"yoast-schema-graph\">{\"@context\":\"https:\/\/schema.org\",\"@graph\":[{\"@type\":\"WebPage\",\"@id\":\"https:\/\/agrupacionespsoe.es\/cobena\/fraude\/\",\"url\":\"https:\/\/agrupacionespsoe.es\/cobena\/fraude\/\",\"name\":\"fraude - Agrupaci\u00f3n Socialista de Cobe\u00f1a\",\"isPartOf\":{\"@id\":\"https:\/\/agrupacionespsoe.es\/cobena\/#website\"},\"datePublished\":\"2023-05-25T00:07:44+00:00\",\"dateModified\":\"2023-05-25T00:07:44+00:00\",\"breadcrumb\":{\"@id\":\"https:\/\/agrupacionespsoe.es\/cobena\/fraude\/#breadcrumb\"},\"inLanguage\":\"es\",\"potentialAction\":[{\"@type\":\"ReadAction\",\"target\":[\"https:\/\/agrupacionespsoe.es\/cobena\/fraude\/\"]}]},{\"@type\":\"BreadcrumbList\",\"@id\":\"https:\/\/agrupacionespsoe.es\/cobena\/fraude\/#breadcrumb\",\"itemListElement\":[{\"@type\":\"ListItem\",\"position\":1,\"name\":\"Portada\",\"item\":\"https:\/\/agrupacionespsoe.es\/cobena\/\"},{\"@type\":\"ListItem\",\"position\":2,\"name\":\"fraude\"}]},{\"@type\":\"WebSite\",\"@id\":\"https:\/\/agrupacionespsoe.es\/cobena\/#website\",\"url\":\"https:\/\/agrupacionespsoe.es\/cobena\/\",\"name\":\"Agrupaci\u00f3n Socialista de Cobe\u00f1a\",\"description\":\"Agrupaci\u00f3n Socialista de Cobe\u00f1a\",\"publisher\":{\"@id\":\"https:\/\/agrupacionespsoe.es\/cobena\/#organization\"},\"potentialAction\":[{\"@type\":\"SearchAction\",\"target\":{\"@type\":\"EntryPoint\",\"urlTemplate\":\"https:\/\/agrupacionespsoe.es\/cobena\/?s={search_term_string}\"},\"query-input\":{\"@type\":\"PropertyValueSpecification\",\"valueRequired\":true,\"valueName\":\"search_term_string\"}}],\"inLanguage\":\"es\"},{\"@type\":\"Organization\",\"@id\":\"https:\/\/agrupacionespsoe.es\/cobena\/#organization\",\"name\":\"Agrupaci\u00f3n Socialista de Cobe\u00f1a\",\"url\":\"https:\/\/agrupacionespsoe.es\/cobena\/\",\"logo\":{\"@type\":\"ImageObject\",\"inLanguage\":\"es\",\"@id\":\"https:\/\/agrupacionespsoe.es\/cobena\/#\/schema\/logo\/image\/\",\"url\":\"https:\/\/agrupacionespsoe.es\/wp-content\/uploads\/2022\/07\/Logotipo_electoral_del_PSOE.png\",\"contentUrl\":\"https:\/\/agrupacionespsoe.es\/wp-content\/uploads\/2022\/07\/Logotipo_electoral_del_PSOE.png\",\"width\":422,\"height\":422,\"caption\":\"Agrupaci\u00f3n Socialista de Cobe\u00f1a\"},\"image\":{\"@id\":\"https:\/\/agrupacionespsoe.es\/cobena\/#\/schema\/logo\/image\/\"}}]}<\/script>\n<!-- \/ Yoast SEO plugin. -->","yoast_head_json":{"title":"fraude - Agrupaci\u00f3n Socialista de Cobe\u00f1a","robots":{"index":"index","follow":"follow","max-snippet":"max-snippet:-1","max-image-preview":"max-image-preview:large","max-video-preview":"max-video-preview:-1"},"canonical":"https:\/\/agrupacionespsoe.es\/cobena\/fraude\/","og_locale":"es_ES","og_type":"article","og_title":"fraude - Agrupaci\u00f3n Socialista de Cobe\u00f1a","og_description":"SUPUESTOS FRAUDES A LA ADMINISTRACI\u00d3N EN LA SOLICITUD DE AYUDAS POR LA BORRASCA FILOMENA En enero de 2021, el equipo de Gobierno del ayuntamiento de Cobe\u00f1a elabor\u00f3 una estimaci\u00f3n de da\u00f1os producidos por la borrasca Filomena de 207.000 \u20ac. Un mes m\u00e1s tarde, la cifra de da\u00f1os la elevaron a 512.700 \u20ac que se repart\u00edan ...","og_url":"https:\/\/agrupacionespsoe.es\/cobena\/fraude\/","og_site_name":"Agrupaci\u00f3n Socialista de Cobe\u00f1a","twitter_card":"summary_large_image","twitter_misc":{"Tiempo de lectura":"2 minutos"},"schema":{"@context":"https:\/\/schema.org","@graph":[{"@type":"WebPage","@id":"https:\/\/agrupacionespsoe.es\/cobena\/fraude\/","url":"https:\/\/agrupacionespsoe.es\/cobena\/fraude\/","name":"fraude - Agrupaci\u00f3n Socialista de Cobe\u00f1a","isPartOf":{"@id":"https:\/\/agrupacionespsoe.es\/cobena\/#website"},"datePublished":"2023-05-25T00:07:44+00:00","dateModified":"2023-05-25T00:07:44+00:00","breadcrumb":{"@id":"https:\/\/agrupacionespsoe.es\/cobena\/fraude\/#breadcrumb"},"inLanguage":"es","potentialAction":[{"@type":"ReadAction","target":["https:\/\/agrupacionespsoe.es\/cobena\/fraude\/"]}]},{"@type":"BreadcrumbList","@id":"https:\/\/agrupacionespsoe.es\/cobena\/fraude\/#breadcrumb","itemListElement":[{"@type":"ListItem","position":1,"name":"Portada","item":"https:\/\/agrupacionespsoe.es\/cobena\/"},{"@type":"ListItem","position":2,"name":"fraude"}]},{"@type":"WebSite","@id":"https:\/\/agrupacionespsoe.es\/cobena\/#website","url":"https:\/\/agrupacionespsoe.es\/cobena\/","name":"Agrupaci\u00f3n Socialista de Cobe\u00f1a","description":"Agrupaci\u00f3n Socialista de Cobe\u00f1a","publisher":{"@id":"https:\/\/agrupacionespsoe.es\/cobena\/#organization"},"potentialAction":[{"@type":"SearchAction","target":{"@type":"EntryPoint","urlTemplate":"https:\/\/agrupacionespsoe.es\/cobena\/?s={search_term_string}"},"query-input":{"@type":"PropertyValueSpecification","valueRequired":true,"valueName":"search_term_string"}}],"inLanguage":"es"},{"@type":"Organization","@id":"https:\/\/agrupacionespsoe.es\/cobena\/#organization","name":"Agrupaci\u00f3n Socialista de Cobe\u00f1a","url":"https:\/\/agrupacionespsoe.es\/cobena\/","logo":{"@type":"ImageObject","inLanguage":"es","@id":"https:\/\/agrupacionespsoe.es\/cobena\/#\/schema\/logo\/image\/","url":"https:\/\/agrupacionespsoe.es\/wp-content\/uploads\/2022\/07\/Logotipo_electoral_del_PSOE.png","contentUrl":"https:\/\/agrupacionespsoe.es\/wp-content\/uploads\/2022\/07\/Logotipo_electoral_del_PSOE.png","width":422,"height":422,"caption":"Agrupaci\u00f3n Socialista de Cobe\u00f1a"},"image":{"@id":"https:\/\/agrupacionespsoe.es\/cobena\/#\/schema\/logo\/image\/"}}]}},"jetpack_sharing_enabled":true,"_links":{"self":[{"href":"https:\/\/agrupacionespsoe.es\/cobena\/wp-json\/wp\/v2\/pages\/518","targetHints":{"allow":["GET"]}}],"collection":[{"href":"https:\/\/agrupacionespsoe.es\/cobena\/wp-json\/wp\/v2\/pages"}],"about":[{"href":"https:\/\/agrupacionespsoe.es\/cobena\/wp-json\/wp\/v2\/types\/page"}],"author":[{"embeddable":true,"href":"https:\/\/agrupacionespsoe.es\/cobena\/wp-json\/wp\/v2\/users\/138"}],"replies":[{"embeddable":true,"href":"https:\/\/agrupacionespsoe.es\/cobena\/wp-json\/wp\/v2\/comments?post=518"}],"version-history":[{"count":1,"href":"https:\/\/agrupacionespsoe.es\/cobena\/wp-json\/wp\/v2\/pages\/518\/revisions"}],"predecessor-version":[{"id":519,"href":"https:\/\/agrupacionespsoe.es\/cobena\/wp-json\/wp\/v2\/pages\/518\/revisions\/519"}],"wp:attachment":[{"href":"https:\/\/agrupacionespsoe.es\/cobena\/wp-json\/wp\/v2\/media?parent=518"}],"curies":[{"name":"wp","href":"https:\/\/api.w.org\/{rel}","templated":true}]}}