{"id":5,"date":"2022-10-04T12:51:17","date_gmt":"2022-10-04T10:51:17","guid":{"rendered":"https:\/\/agrupacionespsoe.es\/acoruna\/agenda\/"},"modified":"2024-05-22T17:56:06","modified_gmt":"2024-05-22T15:56:06","slug":"axenda","status":"publish","type":"page","link":"https:\/\/agrupacionespsoe.es\/acoruna\/axenda\/","title":{"rendered":"axenda"},"content":{"rendered":"\n<section class=\"wp-block-psoe-contenedor\"><div class=\"max-w-screen-lg mx-auto p-4 md:p-2\">\n<p class=\"has-text-align-center has-white-color has-primary-background-color has-text-color has-background has-link-color has-large-font-size wp-elements-ec2aff10435c1622618f5e636e1be73d\" style=\"margin-top:0;margin-right:0;margin-bottom:0;margin-left:0;padding-top:var(--wp--preset--spacing--20);padding-right:0;padding-bottom:var(--wp--preset--spacing--20);padding-left:0;font-style:normal;font-weight:700\">EVENTOS PREVISTOS DA AGRUPACI\u00d3N PROVINCIAL DO PSdeG-PSOE DA CORU\u00d1A<\/p>\n<\/div><\/section>\n\n\n\n<section class=\"wp-block-psoe-separador bg-primary px-2\"><hr class=\"color-white bg-white opacity-1 h-[1px] w-full\" \/><\/section>\n\n\n<section class=\"py-12\" x-data=\"agendaSection(null, '', '', '', '')\">\n    <div class=\"max-w-screen-lg mx-auto\">\n\n        <div class=\"text-center mb-5 lg:mb-10 px-6 lg:p-0\">\n                            <p class=\"text-primary uppercase font-bold\">Pr\u00f3ximos eventos<\/p>\n            \n            \n                    <\/div>\n\n        <div class=\"flex items-center flex-wrap justify-center mb-5 px-6 lg:px-0\">\n            <div class=\"flatpickr md:flex items-center px-2 mb-2 basis-1\/2 md:basis-[auto]\">\n                <label for=\"search-from\" class=\"mr-2\">Desde<\/label>\n                <div class=\"flex items-center p-1 bg-primary\">\n                    <a class=\"input-button\" title=\"toggle\" style=\"flex: 0 0 40px\" data-toggle>\n                        <img decoding=\"async\" role=\"button\" class=\"!my-0 bg-white p-1\" width=\"40\" src=\"https:\/\/agrupacionespsoe.es\/acoruna\/wp-content\/themes\/psoe-agrupaciones-theme\/public\/calendar-gris.fba35a.svg\" alt=\"\">\n                    <\/a>\n                    <input type=\"text\" id=\"search-from\" class=\"grow w-28 bg-primary placeholder-white text-center text-white p-2 outline-0 !outline-none focus:!outline-0 !outline-none\" name=\"from\" value=\"\" @change=\"changeDates( 'from', $event.target.value )\" placeholder=\"Elige fecha\" data-input>\n                <\/div>\n            <\/div>\n\n            <div class=\"flatpickr md:flex items-center px-2 mb-2 basis-1\/2 md:basis-[auto]\">\n                <label for=\"search-to\" class=\"mr-2\">Hasta<\/label>\n                <div class=\"flex items-center p-1 bg-primary\">\n                    <a class=\"input-button\" title=\"toggle\" style=\"flex: 0 0 40px\" data-toggle>\n                        <img decoding=\"async\" role=\"button\" class=\"!my-0 bg-white p-1\" width=\"40\" src=\"https:\/\/agrupacionespsoe.es\/acoruna\/wp-content\/themes\/psoe-agrupaciones-theme\/public\/calendar-gris.fba35a.svg\" alt=\"\">\n                    <\/a>\n                    <input type=\"text\" id=\"search-to\" class=\"grow w-28 bg-primary placeholder-white text-center text-white p-2 outline-0 !outline-none focus:!outline-0 !outline-none\" name=\"to\" value=\"\" @change=\"changeDates( 'to', $event.target.value )\" placeholder=\"Elige fecha\" data-input>\n                <\/div>\n            <\/div>\n        <\/div>\n\n    <\/div>\n\n\n    <div class=\"max-w-screen-lg mx-auto\">\n\n        <div x-cloak x-show=\"maxNumPages == false\">\n            <p class=\"text-xl text-center px-6 lg:p-0\">No hay eventos disponibles<\/p>\n        <\/div>\n\n        <div class=\"md:grid md:grid-cols-2 px-6 md:p-0\">\n\n            <template x-for=\"(post, index) in posts[page]\" :key=\"index\">\n                <div x-show=\"post.agenda_title\" class=\"px-2 py-6 border-t md:flex flex-warp gap-4 items-center justify-around\">\n                    <div class=\"w-[90px] max-w-[90px] pr-1 border-r\" :class=\"(Date.parse(post.agenda_datetime) < now ) ? 'border-slate-400' : 'border-primary'\" style=\"flex: 0 0 90px\">\n                        <div class=\"p-2 text-center\" :class=\"(Date.parse(post.agenda_datetime) < now ) ? 'bg-slate-400' : 'bg-primary'\">\n                            <time class=\"text-white font-bold !my-0 text-sm\" x-text=\"post.agenda_datetime_1\"><\/time>\n                            <hr class=\"my-0\">\n                            <time class=\"text-white font-bold !my-0 text-sm\" x-text=\"post.agenda_datetime_2\"><\/time>\n                        <\/div>\n                    <\/div>\n\n                    <a class=\"md:grow p-2\" :class=\"!post.agenda_url ? 'cursor-default' : ''\" :href=\"post.agenda_url ? post.agenda_url : 'javascript:void(0)'\" :target=\"post.agenda_url ? '_blank' : ''\">\n                        <h3 class=\"text-base font-bold !my-2 !leading-normal\" x-text=\"post.agenda_title\"><\/h3>\n                    <\/a>\n                <\/div>\n            <\/template>\n\n        <\/div>\n\n        <div x-cloak x-show=\"hasPagination()\" class=\"flex flex-wrap\">\n            <button class=\"text-sm pr-1 mx-1\" type=\"button\" @click=\"goToPage(1)\">\n                <svg class=\"h-4 w-4 text-body\" width=\"24\" height=\"24\" viewBox=\"0 0 24 24\" fill=\"none\" stroke=\"currentColor\" stroke-width=\"2\" stroke-linecap=\"round\" stroke-linejoin=\"round\">\n                    <polygon points=\"19 20 9 12 19 4 19 20\"><\/polygon>\n                    <line x1=\"5\" y1=\"19\" x2=\"5\" y2=\"5\"><\/line>\n                <\/svg>\n            <\/button>\n\n            <button class=\"text-sm px-1 mx-1\" type=\"button\" @click=\"goToPage(Math.max(1, page-1))\">Anterior<\/button>\n\n            <template x-for=\"i in parseInt(maxNumPages)\" :key=\"i\">\n                <button x-show=\"((page-i < 3) &#038;&#038; (i-page < 3))\" class=\"text-sm px-2 py-1 mx-1\" :class=\"i == page ? 'bg-primary text-white' : ''\" type=\"button\" x-text=\"i\" @click=\"goToPage(i)\"><\/button>\n            <\/template>\n\n            <button class=\"text-sm px-1 mx-1\" type=\"button\" @click=\"goToPage(Math.min(maxNumPages, page+1))\">Siguiente<\/button>\n\n            <button class=\"text-sm pl-1 mx-1\" type=\"button\" @click=\"goToPage(maxNumPages)\">\n                <svg class=\"h-4 w-4 text-body\" width=\"24\" height=\"24\" viewBox=\"0 0 24 24\" fill=\"none\" stroke=\"currentColor\" stroke-width=\"2\" stroke-linecap=\"round\" stroke-linejoin=\"round\">\n                    <polygon points=\"5 4 15 12 5 20 5 4\"><\/polygon>\n                    <line x1=\"19\" y1=\"5\" x2=\"19\" y2=\"19\"><\/line>\n                <\/svg>\n            <\/button>\n        <\/div>\n\n    <\/div>\n\n<\/section>\n","protected":false},"excerpt":{"rendered":"","protected":false},"author":3,"featured_media":0,"parent":0,"menu_order":0,"comment_status":"closed","ping_status":"closed","template":"","meta":{"footnotes":""},"class_list":["post-5","page","type-page","status-publish","hentry"],"yoast_head":"<!-- This site is optimized with the Yoast SEO plugin v24.0 - https:\/\/yoast.com\/wordpress\/plugins\/seo\/ -->\n<title>axenda - Agrupaci\u00f3n Provincial da Coru\u00f1a PSOE<\/title>\n<meta name=\"robots\" content=\"index, follow, max-snippet:-1, max-image-preview:large, max-video-preview:-1\" \/>\n<link rel=\"canonical\" href=\"https:\/\/agrupacionespsoe.es\/acoruna\/axenda\/\" \/>\n<meta property=\"og:locale\" content=\"es_ES\" \/>\n<meta property=\"og:type\" content=\"article\" \/>\n<meta property=\"og:title\" content=\"axenda - Agrupaci\u00f3n Provincial da Coru\u00f1a PSOE\" \/>\n<meta property=\"og:url\" content=\"https:\/\/agrupacionespsoe.es\/acoruna\/axenda\/\" \/>\n<meta property=\"og:site_name\" content=\"Agrupaci\u00f3n Provincial da Coru\u00f1a PSOE\" \/>\n<meta property=\"article:modified_time\" content=\"2024-05-22T15:56:06+00:00\" \/>\n<meta name=\"twitter:card\" content=\"summary_large_image\" \/>\n<meta name=\"twitter:label1\" content=\"Tiempo de lectura\" \/>\n\t<meta name=\"twitter:data1\" content=\"1 minuto\" \/>\n<script type=\"application\/ld+json\" class=\"yoast-schema-graph\">{\"@context\":\"https:\/\/schema.org\",\"@graph\":[{\"@type\":\"WebPage\",\"@id\":\"https:\/\/agrupacionespsoe.es\/acoruna\/axenda\/\",\"url\":\"https:\/\/agrupacionespsoe.es\/acoruna\/axenda\/\",\"name\":\"axenda - Agrupaci\u00f3n Provincial da Coru\u00f1a PSOE\",\"isPartOf\":{\"@id\":\"https:\/\/agrupacionespsoe.es\/acoruna\/#website\"},\"datePublished\":\"2022-10-04T10:51:17+00:00\",\"dateModified\":\"2024-05-22T15:56:06+00:00\",\"breadcrumb\":{\"@id\":\"https:\/\/agrupacionespsoe.es\/acoruna\/axenda\/#breadcrumb\"},\"inLanguage\":\"es\",\"potentialAction\":[{\"@type\":\"ReadAction\",\"target\":[\"https:\/\/agrupacionespsoe.es\/acoruna\/axenda\/\"]}]},{\"@type\":\"BreadcrumbList\",\"@id\":\"https:\/\/agrupacionespsoe.es\/acoruna\/axenda\/#breadcrumb\",\"itemListElement\":[{\"@type\":\"ListItem\",\"position\":1,\"name\":\"Portada\",\"item\":\"https:\/\/agrupacionespsoe.es\/acoruna\/\"},{\"@type\":\"ListItem\",\"position\":2,\"name\":\"axenda\"}]},{\"@type\":\"WebSite\",\"@id\":\"https:\/\/agrupacionespsoe.es\/acoruna\/#website\",\"url\":\"https:\/\/agrupacionespsoe.es\/acoruna\/\",\"name\":\"Agrupaci\u00f3n Provincial da Coru\u00f1a PSOE\",\"description\":\"Provincial PSdeG-PSOE da Coru\u00f1a\",\"publisher\":{\"@id\":\"https:\/\/agrupacionespsoe.es\/acoruna\/#organization\"},\"potentialAction\":[{\"@type\":\"SearchAction\",\"target\":{\"@type\":\"EntryPoint\",\"urlTemplate\":\"https:\/\/agrupacionespsoe.es\/acoruna\/?s={search_term_string}\"},\"query-input\":{\"@type\":\"PropertyValueSpecification\",\"valueRequired\":true,\"valueName\":\"search_term_string\"}}],\"inLanguage\":\"es\"},{\"@type\":\"Organization\",\"@id\":\"https:\/\/agrupacionespsoe.es\/acoruna\/#organization\",\"name\":\"Agrupaci\u00f3n Provincial da Coru\u00f1a PSOE\",\"url\":\"https:\/\/agrupacionespsoe.es\/acoruna\/\",\"logo\":{\"@type\":\"ImageObject\",\"inLanguage\":\"es\",\"@id\":\"https:\/\/agrupacionespsoe.es\/acoruna\/#\/schema\/logo\/image\/\",\"url\":\"https:\/\/agrupacionespsoe.es\/wp-content\/uploads\/2022\/07\/Logotipo_electoral_del_PSOE.png\",\"contentUrl\":\"https:\/\/agrupacionespsoe.es\/wp-content\/uploads\/2022\/07\/Logotipo_electoral_del_PSOE.png\",\"width\":422,\"height\":422,\"caption\":\"Agrupaci\u00f3n Provincial da Coru\u00f1a PSOE\"},\"image\":{\"@id\":\"https:\/\/agrupacionespsoe.es\/acoruna\/#\/schema\/logo\/image\/\"}}]}<\/script>\n<!-- \/ Yoast SEO plugin. -->","yoast_head_json":{"title":"axenda - Agrupaci\u00f3n Provincial da Coru\u00f1a PSOE","robots":{"index":"index","follow":"follow","max-snippet":"max-snippet:-1","max-image-preview":"max-image-preview:large","max-video-preview":"max-video-preview:-1"},"canonical":"https:\/\/agrupacionespsoe.es\/acoruna\/axenda\/","og_locale":"es_ES","og_type":"article","og_title":"axenda - Agrupaci\u00f3n Provincial da Coru\u00f1a PSOE","og_url":"https:\/\/agrupacionespsoe.es\/acoruna\/axenda\/","og_site_name":"Agrupaci\u00f3n Provincial da Coru\u00f1a PSOE","article_modified_time":"2024-05-22T15:56:06+00:00","twitter_card":"summary_large_image","twitter_misc":{"Tiempo de lectura":"1 minuto"},"schema":{"@context":"https:\/\/schema.org","@graph":[{"@type":"WebPage","@id":"https:\/\/agrupacionespsoe.es\/acoruna\/axenda\/","url":"https:\/\/agrupacionespsoe.es\/acoruna\/axenda\/","name":"axenda - Agrupaci\u00f3n Provincial da Coru\u00f1a PSOE","isPartOf":{"@id":"https:\/\/agrupacionespsoe.es\/acoruna\/#website"},"datePublished":"2022-10-04T10:51:17+00:00","dateModified":"2024-05-22T15:56:06+00:00","breadcrumb":{"@id":"https:\/\/agrupacionespsoe.es\/acoruna\/axenda\/#breadcrumb"},"inLanguage":"es","potentialAction":[{"@type":"ReadAction","target":["https:\/\/agrupacionespsoe.es\/acoruna\/axenda\/"]}]},{"@type":"BreadcrumbList","@id":"https:\/\/agrupacionespsoe.es\/acoruna\/axenda\/#breadcrumb","itemListElement":[{"@type":"ListItem","position":1,"name":"Portada","item":"https:\/\/agrupacionespsoe.es\/acoruna\/"},{"@type":"ListItem","position":2,"name":"axenda"}]},{"@type":"WebSite","@id":"https:\/\/agrupacionespsoe.es\/acoruna\/#website","url":"https:\/\/agrupacionespsoe.es\/acoruna\/","name":"Agrupaci\u00f3n Provincial da Coru\u00f1a PSOE","description":"Provincial PSdeG-PSOE da Coru\u00f1a","publisher":{"@id":"https:\/\/agrupacionespsoe.es\/acoruna\/#organization"},"potentialAction":[{"@type":"SearchAction","target":{"@type":"EntryPoint","urlTemplate":"https:\/\/agrupacionespsoe.es\/acoruna\/?s={search_term_string}"},"query-input":{"@type":"PropertyValueSpecification","valueRequired":true,"valueName":"search_term_string"}}],"inLanguage":"es"},{"@type":"Organization","@id":"https:\/\/agrupacionespsoe.es\/acoruna\/#organization","name":"Agrupaci\u00f3n Provincial da Coru\u00f1a PSOE","url":"https:\/\/agrupacionespsoe.es\/acoruna\/","logo":{"@type":"ImageObject","inLanguage":"es","@id":"https:\/\/agrupacionespsoe.es\/acoruna\/#\/schema\/logo\/image\/","url":"https:\/\/agrupacionespsoe.es\/wp-content\/uploads\/2022\/07\/Logotipo_electoral_del_PSOE.png","contentUrl":"https:\/\/agrupacionespsoe.es\/wp-content\/uploads\/2022\/07\/Logotipo_electoral_del_PSOE.png","width":422,"height":422,"caption":"Agrupaci\u00f3n Provincial da Coru\u00f1a PSOE"},"image":{"@id":"https:\/\/agrupacionespsoe.es\/acoruna\/#\/schema\/logo\/image\/"}}]}},"jetpack_sharing_enabled":true,"jetpack_likes_enabled":true,"_links":{"self":[{"href":"https:\/\/agrupacionespsoe.es\/acoruna\/wp-json\/wp\/v2\/pages\/5","targetHints":{"allow":["GET"]}}],"collection":[{"href":"https:\/\/agrupacionespsoe.es\/acoruna\/wp-json\/wp\/v2\/pages"}],"about":[{"href":"https:\/\/agrupacionespsoe.es\/acoruna\/wp-json\/wp\/v2\/types\/page"}],"author":[{"embeddable":true,"href":"https:\/\/agrupacionespsoe.es\/acoruna\/wp-json\/wp\/v2\/users\/3"}],"replies":[{"embeddable":true,"href":"https:\/\/agrupacionespsoe.es\/acoruna\/wp-json\/wp\/v2\/comments?post=5"}],"version-history":[{"count":4,"href":"https:\/\/agrupacionespsoe.es\/acoruna\/wp-json\/wp\/v2\/pages\/5\/revisions"}],"predecessor-version":[{"id":493,"href":"https:\/\/agrupacionespsoe.es\/acoruna\/wp-json\/wp\/v2\/pages\/5\/revisions\/493"}],"wp:attachment":[{"href":"https:\/\/agrupacionespsoe.es\/acoruna\/wp-json\/wp\/v2\/media?parent=5"}],"curies":[{"name":"wp","href":"https:\/\/api.w.org\/{rel}","templated":true}]}}

<section class="wp-block-psoe-contenedor"><div class="max-w-screen-lg mx-auto p-4 md:p-2">
<p class="has-text-align-center has-white-color has-primary-background-color has-text-color has-background has-link-color has-large-font-size wp-elements-ec2aff10435c1622618f5e636e1be73d" style="margin-top:0;margin-right:0;margin-bottom:0;margin-left:0;padding-top:var(--wp--preset--spacing--20);padding-right:0;padding-bottom:var(--wp--preset--spacing--20);padding-left:0;font-style:normal;font-weight:700">EVENTOS PREVISTOS DA AGRUPACIÓN PROVINCIAL DO PSdeG-PSOE DA CORUÑA</p>
</div></section>



<section class="wp-block-psoe-separador bg-primary px-2"><hr class="color-white bg-white opacity-1 h-[1px] w-full" /></section>


<section class="py-12" x-data="agendaSection(null, '', '', '', '')">
    <div class="max-w-screen-lg mx-auto">

        <div class="text-center mb-5 lg:mb-10 px-6 lg:p-0">
                            <p class="text-primary uppercase font-bold">Próximos eventos</p>
            
            
                    </div>

        <div class="flex items-center flex-wrap justify-center mb-5 px-6 lg:px-0">
            <div class="flatpickr md:flex items-center px-2 mb-2 basis-1/2 md:basis-[auto]">
                <label for="search-from" class="mr-2">Desde</label>
                <div class="flex items-center p-1 bg-primary">
                    <a class="input-button" title="toggle" style="flex: 0 0 40px" data-toggle>
                        <img decoding="async" role="button" class="!my-0 bg-white p-1" width="40" src="https://agrupacionespsoe.es/acoruna/wp-content/themes/psoe-agrupaciones-theme/public/calendar-gris.fba35a.svg" alt="">
                    </a>
                    <input type="text" id="search-from" class="grow w-28 bg-primary placeholder-white text-center text-white p-2 outline-0 !outline-none focus:!outline-0 !outline-none" name="from" value="" @change="changeDates( 'from', $event.target.value )" placeholder="Elige fecha" data-input>
                </div>
            </div>

            <div class="flatpickr md:flex items-center px-2 mb-2 basis-1/2 md:basis-[auto]">
                <label for="search-to" class="mr-2">Hasta</label>
                <div class="flex items-center p-1 bg-primary">
                    <a class="input-button" title="toggle" style="flex: 0 0 40px" data-toggle>
                        <img decoding="async" role="button" class="!my-0 bg-white p-1" width="40" src="https://agrupacionespsoe.es/acoruna/wp-content/themes/psoe-agrupaciones-theme/public/calendar-gris.fba35a.svg" alt="">
                    </a>
                    <input type="text" id="search-to" class="grow w-28 bg-primary placeholder-white text-center text-white p-2 outline-0 !outline-none focus:!outline-0 !outline-none" name="to" value="" @change="changeDates( 'to', $event.target.value )" placeholder="Elige fecha" data-input>
                </div>
            </div>
        </div>

    </div>


    <div class="max-w-screen-lg mx-auto">

        <div x-cloak x-show="maxNumPages == false">
            <p class="text-xl text-center px-6 lg:p-0">No hay eventos disponibles</p>
        </div>

        <div class="md:grid md:grid-cols-2 px-6 md:p-0">

            <template x-for="(post, index) in posts[page]" :key="index">
                <div x-show="post.agenda_title" class="px-2 py-6 border-t md:flex flex-warp gap-4 items-center justify-around">
                    <div class="w-[90px] max-w-[90px] pr-1 border-r" :class="(Date.parse(post.agenda_datetime) < now ) ? 'border-slate-400' : 'border-primary'" style="flex: 0 0 90px">
                        <div class="p-2 text-center" :class="(Date.parse(post.agenda_datetime) < now ) ? 'bg-slate-400' : 'bg-primary'">
                            <time class="text-white font-bold !my-0 text-sm" x-text="post.agenda_datetime_1"></time>
                            <hr class="my-0">
                            <time class="text-white font-bold !my-0 text-sm" x-text="post.agenda_datetime_2"></time>
                        </div>
                    </div>

                    <a class="md:grow p-2" :class="!post.agenda_url ? 'cursor-default' : ''" :href="post.agenda_url ? post.agenda_url : 'javascript:void(0)'" :target="post.agenda_url ? '_blank' : ''">
                        <h3 class="text-base font-bold !my-2 !leading-normal" x-text="post.agenda_title"></h3>
                    </a>
                </div>
            </template>

        </div>

        <div x-cloak x-show="hasPagination()" class="flex flex-wrap">
            <button class="text-sm pr-1 mx-1" type="button" @click="goToPage(1)">
                <svg class="h-4 w-4 text-body" width="24" height="24" viewBox="0 0 24 24" fill="none" stroke="currentColor" stroke-width="2" stroke-linecap="round" stroke-linejoin="round">
                    <polygon points="19 20 9 12 19 4 19 20"></polygon>
                    <line x1="5" y1="19" x2="5" y2="5"></line>
                </svg>
            </button>

            <button class="text-sm px-1 mx-1" type="button" @click="goToPage(Math.max(1, page-1))">Anterior</button>

            <template x-for="i in parseInt(maxNumPages)" :key="i">
                <button x-show="((page-i < 3) &#038;&#038; (i-page < 3))" class="text-sm px-2 py-1 mx-1" :class="i == page ? 'bg-primary text-white' : ''" type="button" x-text="i" @click="goToPage(i)"></button>
            </template>

            <button class="text-sm px-1 mx-1" type="button" @click="goToPage(Math.min(maxNumPages, page+1))">Siguiente</button>

            <button class="text-sm pl-1 mx-1" type="button" @click="goToPage(maxNumPages)">
                <svg class="h-4 w-4 text-body" width="24" height="24" viewBox="0 0 24 24" fill="none" stroke="currentColor" stroke-width="2" stroke-linecap="round" stroke-linejoin="round">
                    <polygon points="5 4 15 12 5 20 5 4"></polygon>
                    <line x1="19" y1="5" x2="19" y2="19"></line>
                </svg>
            </button>
        </div>

    </div>

</section>

<!-- This site is optimized with the Yoast SEO plugin v24.0 - https://yoast.com/wordpress/plugins/seo/ -->
<title>axenda - Agrupación Provincial da Coruña PSOE</title>
<meta name="robots" content="index, follow, max-snippet:-1, max-image-preview:large, max-video-preview:-1" />
<link rel="canonical" href="https://agrupacionespsoe.es/acoruna/axenda/" />
<meta property="og:locale" content="es_ES" />
<meta property="og:type" content="article" />
<meta property="og:title" content="axenda - Agrupación Provincial da Coruña PSOE" />
<meta property="og:url" content="https://agrupacionespsoe.es/acoruna/axenda/" />
<meta property="og:site_name" content="Agrupación Provincial da Coruña PSOE" />
<meta property="article:modified_time" content="2024-05-22T15:56:06+00:00" />
<meta name="twitter:card" content="summary_large_image" />
<meta name="twitter:label1" content="Tiempo de lectura" />
	<meta name="twitter:data1" content="1 minuto" />
<script type="application/ld+json" class="yoast-schema-graph">{"@context":"https://schema.org","@graph":[{"@type":"WebPage","@id":"https://agrupacionespsoe.es/acoruna/axenda/","url":"https://agrupacionespsoe.es/acoruna/axenda/","name":"axenda - Agrupación Provincial da Coruña PSOE","isPartOf":{"@id":"https://agrupacionespsoe.es/acoruna/#website"},"datePublished":"2022-10-04T10:51:17+00:00","dateModified":"2024-05-22T15:56:06+00:00","breadcrumb":{"@id":"https://agrupacionespsoe.es/acoruna/axenda/#breadcrumb"},"inLanguage":"es","potentialAction":[{"@type":"ReadAction","target":["https://agrupacionespsoe.es/acoruna/axenda/"]}]},{"@type":"BreadcrumbList","@id":"https://agrupacionespsoe.es/acoruna/axenda/#breadcrumb","itemListElement":[{"@type":"ListItem","position":1,"name":"Portada","item":"https://agrupacionespsoe.es/acoruna/"},{"@type":"ListItem","position":2,"name":"axenda"}]},{"@type":"WebSite","@id":"https://agrupacionespsoe.es/acoruna/#website","url":"https://agrupacionespsoe.es/acoruna/","name":"Agrupación Provincial da Coruña PSOE","description":"Provincial PSdeG-PSOE da Coruña","publisher":{"@id":"https://agrupacionespsoe.es/acoruna/#organization"},"potentialAction":[{"@type":"SearchAction","target":{"@type":"EntryPoint","urlTemplate":"https://agrupacionespsoe.es/acoruna/?s={search_term_string}"},"query-input":{"@type":"PropertyValueSpecification","valueRequired":true,"valueName":"search_term_string"}}],"inLanguage":"es"},{"@type":"Organization","@id":"https://agrupacionespsoe.es/acoruna/#organization","name":"Agrupación Provincial da Coruña PSOE","url":"https://agrupacionespsoe.es/acoruna/","logo":{"@type":"ImageObject","inLanguage":"es","@id":"https://agrupacionespsoe.es/acoruna/#/schema/logo/image/","url":"https://agrupacionespsoe.es/wp-content/uploads/2022/07/Logotipo_electoral_del_PSOE.png","contentUrl":"https://agrupacionespsoe.es/wp-content/uploads/2022/07/Logotipo_electoral_del_PSOE.png","width":422,"height":422,"caption":"Agrupación Provincial da Coruña PSOE"},"image":{"@id":"https://agrupacionespsoe.es/acoruna/#/schema/logo/image/"}}]}</script>
<!-- / Yoast SEO plugin. -->

axenda - Agrupación Provincial da Coruña PSOE

Agrupación Provincial da Coruña PSOE

Provincial PSdeG-PSOE da Coruña
